Last updated on 2025-04-29 13:51:32 CEST.
Flavor | Version | Tinstall | Tcheck | Ttotal | Status | Flags |
---|---|---|---|---|---|---|
r-devel-linux-x86_64-debian-clang | 1.0.1 | 2.00 | 18.39 | 20.39 | NOTE | |
r-devel-linux-x86_64-debian-gcc | 1.0.1 | 1.49 | 14.71 | 16.20 | NOTE | |
r-devel-linux-x86_64-fedora-clang | 1.0.1 | 31.22 | OK | |||
r-devel-linux-x86_64-fedora-gcc | 1.0.1 | 30.44 | OK | |||
r-devel-windows-x86_64 | 1.0.1 | 3.00 | 36.00 | 39.00 | OK | |
r-patched-linux-x86_64 | 1.0.1 | 2.01 | 17.37 | 19.38 | OK | |
r-release-linux-x86_64 | 1.0.1 | 1.95 | 17.42 | 19.37 | OK | |
r-release-macos-arm64 | 1.0.1 | 16.00 | OK | |||
r-release-macos-x86_64 | 1.0.1 | 24.00 | OK | |||
r-release-windows-x86_64 | 1.0.1 | 2.00 | 35.00 | 37.00 | OK | |
r-oldrel-macos-arm64 | 1.0.1 | 14.00 | OK | |||
r-oldrel-macos-x86_64 | 1.0.1 | 20.00 | OK | |||
r-oldrel-windows-x86_64 | 1.0.1 | 4.00 | 35.00 | 39.00 | OK |
Version: 1.0.1
Check: CRAN incoming feasibility
Result: NOTE
Maintainer: ‘Yujiao Mai <yujiaomai@gmail.com>’
No Authors@R field in DESCRIPTION.
Please add one, modifying
Authors@R: c(person(given = "Yujiao",
family = "Mai",
role = c("cre", "aut"),
email = "yujiaomai@gmail.com"),
person(given = c("Deo", "Kumar"),
family = "Srivastava",
role = "aut"),
person(given = c("Kevin", "R."),
family = "Krull",
role = "aut"))
as necessary.
Flavors: r-devel-linux-x86_64-debian-clang, r-devel-linux-x86_64-debian-gcc