Last updated on 2025-05-18 01:50:36 CEST.
Flavor | Version | Tinstall | Tcheck | Ttotal | Status | Flags |
---|---|---|---|---|---|---|
r-devel-linux-x86_64-debian-clang | 2.2.3 | 5.96 | 52.85 | 58.81 | NOTE | |
r-devel-linux-x86_64-debian-gcc | 2.2.3 | 4.73 | 40.40 | 45.13 | NOTE | |
r-devel-linux-x86_64-fedora-clang | 2.2.3 | 92.25 | OK | |||
r-devel-linux-x86_64-fedora-gcc | 2.2.3 | 88.78 | OK | |||
r-devel-windows-x86_64 | 2.2.3 | 7.00 | 68.00 | 75.00 | OK | |
r-patched-linux-x86_64 | 2.2.3 | 6.19 | 51.20 | 57.39 | OK | |
r-release-linux-x86_64 | 2.2.3 | 5.40 | 51.33 | 56.73 | OK | |
r-release-macos-arm64 | 2.2.3 | 33.00 | OK | |||
r-release-macos-x86_64 | 2.2.3 | 51.00 | OK | |||
r-release-windows-x86_64 | 2.2.3 | 7.00 | 79.00 | 86.00 | OK | |
r-oldrel-macos-arm64 | 2.2.3 | 29.00 | OK | |||
r-oldrel-macos-x86_64 | 2.2.3 | 42.00 | OK | |||
r-oldrel-windows-x86_64 | 2.2.3 | 9.00 | 80.00 | 89.00 | OK |
Version: 2.2.3
Check: CRAN incoming feasibility
Result: NOTE
Maintainer: ‘Ran Gao <rgao8@uic.edu>’
No Authors@R field in DESCRIPTION.
Please add one, modifying
Authors@R: c(person(given = "Anup",
family = "Amatya",
role = "aut"),
person(given = "Hakan",
family = "Demirtas",
role = "aut"),
person(given = "Ran",
family = "Gao",
role = c("aut", "cre"),
email = "rgao8@uic.edu"))
as necessary.
Flavors: r-devel-linux-x86_64-debian-clang, r-devel-linux-x86_64-debian-gcc