CRAN Package Check Results for Package PCFAM

Last updated on 2025-04-29 13:51:33 CEST.

Flavor Version Tinstall Tcheck Ttotal Status Flags
r-devel-linux-x86_64-debian-clang 1.0 1.79 21.96 23.75 NOTE
r-devel-linux-x86_64-debian-gcc 1.0 1.45 17.77 19.22 NOTE
r-devel-linux-x86_64-fedora-clang 1.0 37.81 OK
r-devel-linux-x86_64-fedora-gcc 1.0 49.86 OK
r-devel-windows-x86_64 1.0 3.00 49.00 52.00 OK
r-patched-linux-x86_64 1.0 2.05 21.18 23.23 OK
r-release-linux-x86_64 1.0 1.81 21.08 22.89 OK
r-release-macos-arm64 1.0 23.00 OK
r-release-macos-x86_64 1.0 41.00 OK
r-release-windows-x86_64 1.0 4.00 50.00 54.00 OK
r-oldrel-macos-arm64 1.0 21.00 OK
r-oldrel-macos-x86_64 1.0 30.00 OK
r-oldrel-windows-x86_64 1.0 3.00 49.00 52.00 OK

Check Details

Version: 1.0
Check: CRAN incoming feasibility
Result: NOTE Maintainer: ‘Yi-Hui Zhou <yihui_zhou@ncsu.edu>’ No Authors@R field in DESCRIPTION. Please add one, modifying Authors@R: person(given = "Yi-Hui", family = "Zhou", role = c("aut", "cre"), email = "yihui_zhou@ncsu.edu") as necessary. Flavors: r-devel-linux-x86_64-debian-clang, r-devel-linux-x86_64-debian-gcc