Last updated on 2025-04-29 13:51:33 CEST.
Flavor | Version | Tinstall | Tcheck | Ttotal | Status | Flags |
---|---|---|---|---|---|---|
r-devel-linux-x86_64-debian-clang | 0.5.0 | 1.79 | 21.59 | 23.38 | NOTE | |
r-devel-linux-x86_64-debian-gcc | 0.5.0 | 1.71 | 18.05 | 19.76 | NOTE | |
r-devel-linux-x86_64-fedora-clang | 0.5.0 | 36.82 | OK | |||
r-devel-linux-x86_64-fedora-gcc | 0.5.0 | 35.22 | OK | |||
r-devel-windows-x86_64 | 0.5.0 | 3.00 | 47.00 | 50.00 | OK | |
r-patched-linux-x86_64 | 0.5.0 | 2.13 | 21.08 | 23.21 | OK | |
r-release-linux-x86_64 | 0.5.0 | 1.85 | 20.75 | 22.60 | OK | |
r-release-macos-arm64 | 0.5.0 | 17.00 | OK | |||
r-release-macos-x86_64 | 0.5.0 | 27.00 | OK | |||
r-release-windows-x86_64 | 0.5.0 | 2.00 | 51.00 | 53.00 | OK | |
r-oldrel-macos-arm64 | 0.5.0 | 15.00 | OK | |||
r-oldrel-macos-x86_64 | 0.5.0 | 21.00 | OK | |||
r-oldrel-windows-x86_64 | 0.5.0 | 4.00 | 48.00 | 52.00 | OK |
Version: 0.5.0
Check: CRAN incoming feasibility
Result: NOTE
Maintainer: ‘H. Robert Frost <rob.frost@dartmouth.edu>’
No Authors@R field in DESCRIPTION.
Please add one, modifying
Authors@R: person(given = c("H.", "Robert"),
family = "Frost",
role = c("aut", "cre"),
email = "rob.frost@dartmouth.edu")
as necessary.
Flavors: r-devel-linux-x86_64-debian-clang, r-devel-linux-x86_64-debian-gcc