Last updated on 2025-04-29 13:51:33 CEST.
Flavor | Version | Tinstall | Tcheck | Ttotal | Status | Flags |
---|---|---|---|---|---|---|
r-devel-linux-x86_64-debian-clang | 1.0 | 1.52 | 18.06 | 19.58 | NOTE | |
r-devel-linux-x86_64-debian-gcc | 1.0 | 1.31 | 14.67 | 15.98 | NOTE | |
r-devel-linux-x86_64-fedora-clang | 1.0 | 30.01 | OK | |||
r-devel-linux-x86_64-fedora-gcc | 1.0 | 29.13 | OK | |||
r-devel-windows-x86_64 | 1.0 | 3.00 | 42.00 | 45.00 | OK | |
r-patched-linux-x86_64 | 1.0 | 1.56 | 17.32 | 18.88 | OK | |
r-release-linux-x86_64 | 1.0 | 1.44 | 17.33 | 18.77 | OK | |
r-release-macos-arm64 | 1.0 | 16.00 | OK | |||
r-release-macos-x86_64 | 1.0 | 24.00 | OK | |||
r-release-windows-x86_64 | 1.0 | 4.00 | 42.00 | 46.00 | OK | |
r-oldrel-macos-arm64 | 1.0 | 14.00 | OK | |||
r-oldrel-macos-x86_64 | 1.0 | 19.00 | OK | |||
r-oldrel-windows-x86_64 | 1.0 | 3.00 | 41.00 | 44.00 | OK |
Version: 1.0
Check: CRAN incoming feasibility
Result: NOTE
Maintainer: ‘Andrew Ying <aying9339@gmail.com>’
The Description field contains
arXiv e-prints, arXiv-2009 <arXiv:2009.10982>.
Please refer to arXiv e-prints via their arXiv DOI <doi:10.48550/arXiv.YYMM.NNNNN>.
Flavors: r-devel-linux-x86_64-debian-clang, r-devel-linux-x86_64-debian-gcc