Last updated on 2024-07-13 05:49:21 CEST.
Flavor | Version | Tinstall | Tcheck | Ttotal | Status | Flags |
---|---|---|---|---|---|---|
r-devel-linux-x86_64-debian-clang | 1.0.0 | 8.16 | 119.11 | 127.27 | OK | |
r-devel-linux-x86_64-debian-gcc | 1.0.0 | 4.94 | 87.76 | 92.70 | OK | |
r-devel-linux-x86_64-fedora-clang | 1.0.0 | 155.79 | NOTE | |||
r-devel-linux-x86_64-fedora-gcc | 1.0.0 | 172.49 | NOTE | |||
r-devel-windows-x86_64 | 1.0.0 | 8.00 | 103.00 | 111.00 | OK | |
r-patched-linux-x86_64 | 1.0.0 | 8.08 | 109.07 | 117.15 | OK | |
r-release-linux-x86_64 | 1.0.0 | 5.95 | 110.43 | 116.38 | OK | |
r-release-macos-arm64 | 1.0.0 | 50.00 | OK | |||
r-release-macos-x86_64 | 1.0.0 | 82.00 | OK | |||
r-release-windows-x86_64 | 1.0.0 | 7.00 | 102.00 | 109.00 | OK | |
r-oldrel-macos-arm64 | 1.0.0 | 57.00 | OK | |||
r-oldrel-macos-x86_64 | 1.0.0 | 88.00 | OK | |||
r-oldrel-windows-x86_64 | 1.0.0 | 9.00 | 128.00 | 137.00 | OK |
Version: 1.0.0
Check: dependencies in R code
Result: NOTE
Namespace in Imports field not imported from: ‘survival’
All declared Imports should be used.
Flavors: r-devel-linux-x86_64-fedora-clang, r-devel-linux-x86_64-fedora-gcc