Last updated on 2025-07-16 23:49:22 CEST.
Flavor | Version | Tinstall | Tcheck | Ttotal | Status | Flags |
---|---|---|---|---|---|---|
r-devel-linux-x86_64-debian-clang | 4.5 | 24.63 | 43.14 | 67.77 | NOTE | |
r-devel-linux-x86_64-debian-gcc | 4.5 | 16.97 | 39.38 | 56.35 | NOTE | |
r-devel-linux-x86_64-fedora-clang | 4.5 | 127.14 | OK | |||
r-devel-linux-x86_64-fedora-gcc | 4.5 | 105.50 | OK | |||
r-devel-windows-x86_64 | 4.5 | 29.00 | 76.00 | 105.00 | OK | |
r-patched-linux-x86_64 | 4.5 | 21.13 | 34.99 | 56.12 | OK | |
r-release-linux-x86_64 | 4.5 | 21.55 | 34.89 | 56.44 | OK | |
r-release-macos-arm64 | 4.5 | 52.00 | OK | |||
r-release-macos-x86_64 | 4.5 | 66.00 | OK | |||
r-release-windows-x86_64 | 4.5 | 31.00 | 79.00 | 110.00 | OK | |
r-oldrel-macos-arm64 | 4.5 | 38.00 | OK | |||
r-oldrel-macos-x86_64 | 4.5 | 44.00 | OK | |||
r-oldrel-windows-x86_64 | 4.5 | 36.00 | 91.00 | 127.00 | OK |
Version: 4.5
Check: CRAN incoming feasibility
Result: NOTE
Maintainer: ‘Jenny Farmer <jfarmer@carolina.rr.com>’
No Authors@R field in DESCRIPTION.
Please add one, modifying
Authors@R: c(person(given = "Jenny",
family = "Farmer",
role = c("aut", "cre"),
email = "jfarmer@carolina.rr.com"),
person(given = "Donald",
family = "Jacobs",
role = "aut",
email = "djacobs1@uncc.ecu"))
as necessary.
Flavors: r-devel-linux-x86_64-debian-clang, r-devel-linux-x86_64-debian-gcc