Last updated on 2024-07-13 11:49:22 CEST.
Flavor | Version | Tinstall | Tcheck | Ttotal | Status | Flags |
---|---|---|---|---|---|---|
r-devel-linux-x86_64-debian-clang | 1.2.1 | 2.84 | 23.67 | 26.51 | OK | |
r-devel-linux-x86_64-debian-gcc | 1.2.1 | 2.31 | 18.45 | 20.76 | OK | |
r-devel-linux-x86_64-fedora-clang | 1.2.1 | 35.66 | NOTE | |||
r-devel-linux-x86_64-fedora-gcc | 1.2.1 | 33.83 | NOTE | |||
r-devel-windows-x86_64 | 1.2.1 | 5.00 | 40.00 | 45.00 | OK | |
r-patched-linux-x86_64 | 1.2.1 | 2.78 | 23.01 | 25.79 | OK | |
r-release-linux-x86_64 | 1.2.1 | 3.02 | 22.99 | 26.01 | OK | |
r-release-macos-arm64 | 1.2.1 | 16.00 | OK | |||
r-release-macos-x86_64 | 1.2.1 | 20.00 | OK | |||
r-release-windows-x86_64 | 1.2.1 | 5.00 | 38.00 | 43.00 | OK | |
r-oldrel-macos-arm64 | 1.2.1 | 17.00 | OK | |||
r-oldrel-macos-x86_64 | 1.2.1 | 21.00 | OK | |||
r-oldrel-windows-x86_64 | 1.2.1 | 5.00 | 38.00 | 43.00 | OK |
Version: 1.2.1
Check: compiled code
Result: NOTE
File ‘PDSCE/libs/PDSCE.so’:
Found no calls to: ‘R_registerRoutines’, ‘R_useDynamicSymbols’
It is good practice to register native routines and to disable symbol
search.
See ‘Writing portable packages’ in the ‘Writing R Extensions’ manual.
Flavors: r-devel-linux-x86_64-fedora-clang, r-devel-linux-x86_64-fedora-gcc