Last updated on 2025-04-29 13:51:33 CEST.
Flavor | Version | Tinstall | Tcheck | Ttotal | Status | Flags |
---|---|---|---|---|---|---|
r-devel-linux-x86_64-debian-clang | 1.0 | 1.82 | 19.00 | 20.82 | NOTE | |
r-devel-linux-x86_64-debian-gcc | 1.0 | 1.36 | 16.34 | 17.70 | NOTE | |
r-devel-linux-x86_64-fedora-clang | 1.0 | 33.96 | OK | |||
r-devel-linux-x86_64-fedora-gcc | 1.0 | 31.77 | OK | |||
r-devel-windows-x86_64 | 1.0 | 3.00 | 46.00 | 49.00 | OK | |
r-patched-linux-x86_64 | 1.0 | 1.71 | 18.35 | 20.06 | OK | |
r-release-linux-x86_64 | 1.0 | 1.60 | 18.37 | 19.97 | OK | |
r-release-macos-arm64 | 1.0 | 15.00 | OK | |||
r-release-macos-x86_64 | 1.0 | 26.00 | OK | |||
r-release-windows-x86_64 | 1.0 | 3.00 | 46.00 | 49.00 | OK | |
r-oldrel-macos-arm64 | 1.0 | 15.00 | OK | |||
r-oldrel-macos-x86_64 | 1.0 | 22.00 | OK | |||
r-oldrel-windows-x86_64 | 1.0 | 2.00 | 46.00 | 48.00 | OK |
Version: 1.0
Check: CRAN incoming feasibility
Result: NOTE
Maintainer: ‘Qingyang Zhang <qz008@uark.edu>’
No Authors@R field in DESCRIPTION.
Please add one, modifying
Authors@R: c(person(given = "Qingyang",
family = "Zhang",
role = c("aut", "cre"),
email = "qz008@uark.edu"),
person(given = "Yanchuan",
family = "Li",
role = "aut"))
as necessary.
Found the following \keyword or \concept entries
which likely give several index terms:
File ‘PEGroupTesting-package.Rd’:
\keyword{Group testing, maximum likelihood estimat [TRUNCATED]
Flavors: r-devel-linux-x86_64-debian-clang, r-devel-linux-x86_64-debian-gcc