Last updated on 2025-10-24 05:50:50 CEST.
| Flavor | Version | Tinstall | Tcheck | Ttotal | Status | Flags |
|---|---|---|---|---|---|---|
| r-devel-linux-x86_64-debian-clang | 0.1.0 | 10.22 | 61.01 | 71.23 | OK | |
| r-devel-linux-x86_64-debian-gcc | 0.1.0 | 8.24 | 45.78 | 54.02 | OK | |
| r-devel-linux-x86_64-fedora-clang | 0.1.0 | 25.00 | 84.10 | 109.10 | OK | |
| r-devel-linux-x86_64-fedora-gcc | 0.1.0 | 28.00 | 90.32 | 118.32 | OK | |
| r-devel-windows-x86_64 | 0.1.0 | 14.00 | 88.00 | 102.00 | OK | |
| r-patched-linux-x86_64 | 0.1.0 | 11.15 | 57.32 | 68.47 | OK | |
| r-release-linux-x86_64 | 0.1.0 | 10.58 | 57.56 | 68.14 | OK | |
| r-release-macos-arm64 | 0.1.0 | 6.00 | 54.00 | 60.00 | OK | |
| r-release-macos-x86_64 | 0.1.0 | 14.00 | 81.00 | 95.00 | OK | |
| r-release-windows-x86_64 | 0.1.0 | 14.00 | 91.00 | 105.00 | OK | |
| r-oldrel-macos-arm64 | 0.1.0 | 6.00 | 60.00 | 66.00 | NOTE | |
| r-oldrel-macos-x86_64 | 0.1.0 | 14.00 | 80.00 | 94.00 | NOTE | |
| r-oldrel-windows-x86_64 | 0.1.0 | 17.00 | 104.00 | 121.00 | OK |
Version: 0.1.0
Check: installed package size
Result: NOTE
installed size is 6.2Mb
sub-directories of 1Mb or more:
data 5.6Mb
Flavors: r-oldrel-macos-arm64, r-oldrel-macos-x86_64