Last updated on 2024-07-13 05:49:22 CEST.
Flavor | Version | Tinstall | Tcheck | Ttotal | Status | Flags |
---|---|---|---|---|---|---|
r-devel-linux-x86_64-debian-clang | 0.1.0 | 3.17 | 54.09 | 57.26 | OK | |
r-devel-linux-x86_64-debian-gcc | 0.1.0 | 2.20 | 40.38 | 42.58 | OK | |
r-devel-linux-x86_64-fedora-clang | 0.1.0 | 74.14 | NOTE | |||
r-devel-linux-x86_64-fedora-gcc | 0.1.0 | 83.76 | OK | |||
r-devel-windows-x86_64 | 0.1.0 | 3.00 | 67.00 | 70.00 | OK | |
r-patched-linux-x86_64 | 0.1.0 | 2.85 | 51.13 | 53.98 | OK | |
r-release-linux-x86_64 | 0.1.0 | 2.25 | 52.16 | 54.41 | OK | |
r-release-macos-arm64 | 0.1.0 | 27.00 | OK | |||
r-release-macos-x86_64 | 0.1.0 | 44.00 | OK | |||
r-release-windows-x86_64 | 0.1.0 | 4.00 | 65.00 | 69.00 | OK | |
r-oldrel-macos-arm64 | 0.1.0 | 29.00 | OK | |||
r-oldrel-macos-x86_64 | 0.1.0 | 47.00 | OK | |||
r-oldrel-windows-x86_64 | 0.1.0 | 3.00 | 72.00 | 75.00 | OK |
Version: 0.1.0
Check: Rd cross-references
Result: NOTE
Undeclared package ‘aricode’ in Rd xrefs
Flavor: r-devel-linux-x86_64-fedora-clang