Last updated on 2024-06-27 10:49:38 CEST.
Flavor | Version | Tinstall | Tcheck | Ttotal | Status | Flags |
---|---|---|---|---|---|---|
r-devel-linux-x86_64-debian-clang | 0.1.2 | OK | ||||
r-devel-linux-x86_64-debian-gcc | 0.1.2 | 17.14 | 836.02 | 853.16 | OK | |
r-devel-linux-x86_64-fedora-clang | 0.1.2 | 1605.16 | OK | |||
r-devel-linux-x86_64-fedora-gcc | 0.1.2 | 1653.59 | OK | |||
r-devel-windows-x86_64 | 0.1.2 | 19.00 | 790.00 | 809.00 | OK | |
r-patched-linux-x86_64 | 0.1.2 | 19.09 | 1110.88 | 1129.97 | OK | |
r-release-linux-x86_64 | 0.1.2 | 20.01 | 1063.59 | 1083.60 | OK | |
r-release-macos-arm64 | 0.1.2 | 283.00 | NOTE | |||
r-release-macos-x86_64 | 0.1.2 | 577.00 | NOTE | |||
r-release-windows-x86_64 | 0.1.2 | 18.00 | 793.00 | 811.00 | OK | |
r-oldrel-macos-arm64 | 0.1.2 | 342.00 | NOTE | |||
r-oldrel-macos-x86_64 | 0.1.2 | 734.00 | NOTE | |||
r-oldrel-windows-x86_64 | 0.1.2 | 24.00 | 1066.00 | 1090.00 | OK |
Version: 0.1.2
Check: installed package size
Result: NOTE
installed size is 5.1Mb
sub-directories of 1Mb or more:
data 2.1Mb
doc 2.0Mb
Flavors: r-release-macos-arm64, r-release-macos-x86_64, r-oldrel-macos-arm64, r-oldrel-macos-x86_64