CRAN Package Check Results for Package PKLMtest

Last updated on 2025-11-16 12:49:39 CET.

Flavor Version Tinstall Tcheck Ttotal Status Flags
r-devel-linux-x86_64-debian-clang 1.0.1 5.78 57.41 63.19 NOTE
r-devel-linux-x86_64-debian-gcc 1.0.1 4.75 44.06 48.81 NOTE
r-devel-linux-x86_64-fedora-clang 1.0.1 13.00 88.04 101.04 OK
r-devel-linux-x86_64-fedora-gcc 1.0.1 14.00 78.87 92.87 OK
r-devel-windows-x86_64 1.0.1 8.00 65.00 73.00 OK
r-patched-linux-x86_64 1.0.1 5.01 54.40 59.41 OK
r-release-linux-x86_64 1.0.1 6.25 55.02 61.27 OK
r-release-macos-arm64 1.0.1 3.00 30.00 33.00 OK
r-release-macos-x86_64 1.0.1 6.00 54.00 60.00 OK
r-release-windows-x86_64 1.0.1 7.00 64.00 71.00 OK
r-oldrel-macos-arm64 1.0.1 3.00 29.00 32.00 OK
r-oldrel-macos-x86_64 1.0.1 5.00 45.00 50.00 OK
r-oldrel-windows-x86_64 1.0.1 9.00 79.00 88.00 OK

Check Details

Version: 1.0.1
Check: CRAN incoming feasibility
Result: NOTE Maintainer: ‘Meta-Lina Spohn <metalina.spohn@stat.math.ethz.ch>’ The Description field contains Michel et al. (2021) <arXiv:2109.10150>. Please refer to arXiv e-prints via their arXiv DOI <doi:10.48550/arXiv.YYMM.NNNNN>. Flavors: r-devel-linux-x86_64-debian-clang, r-devel-linux-x86_64-debian-gcc