Last updated on 2025-04-29 13:51:34 CEST.
Flavor | Version | Tinstall | Tcheck | Ttotal | Status | Flags |
---|---|---|---|---|---|---|
r-devel-linux-x86_64-debian-clang | 1.2 | 2.16 | 22.68 | 24.84 | NOTE | |
r-devel-linux-x86_64-debian-gcc | 1.2 | 1.61 | 17.17 | 18.78 | NOTE | |
r-devel-linux-x86_64-fedora-clang | 1.2 | 38.28 | OK | |||
r-devel-linux-x86_64-fedora-gcc | 1.2 | 37.09 | OK | |||
r-devel-windows-x86_64 | 1.2 | 4.00 | 39.00 | 43.00 | OK | |
r-patched-linux-x86_64 | 1.2 | 2.01 | 21.39 | 23.40 | OK | |
r-release-linux-x86_64 | 1.2 | 2.01 | 21.50 | 23.51 | OK | |
r-release-macos-arm64 | 1.2 | 18.00 | OK | |||
r-release-macos-x86_64 | 1.2 | 25.00 | OK | |||
r-release-windows-x86_64 | 1.2 | 2.00 | 39.00 | 41.00 | OK | |
r-oldrel-macos-arm64 | 1.2 | 17.00 | OK | |||
r-oldrel-macos-x86_64 | 1.2 | 22.00 | OK | |||
r-oldrel-windows-x86_64 | 1.2 | 3.00 | 39.00 | 42.00 | OK |
Version: 1.2
Check: CRAN incoming feasibility
Result: NOTE
Maintainer: ‘Zhi Wei <zhiwei04@gmail.com>’
No Authors@R field in DESCRIPTION.
Please add one, modifying
Authors@R: c(person(given = c("Zhi", "Wei", "&", "Wenguang"),
family = "Sun",
role = "aut"),
person(given = "Zhi",
family = "Wei",
role = "cre",
email = "zhiwei04@gmail.com"))
as necessary.
Flavors: r-devel-linux-x86_64-debian-clang, r-devel-linux-x86_64-debian-gcc