Last updated on 2025-04-29 13:51:34 CEST.
Flavor | Version | Tinstall | Tcheck | Ttotal | Status | Flags |
---|---|---|---|---|---|---|
r-devel-linux-x86_64-debian-clang | 1.4 | 5.50 | 58.10 | 63.60 | NOTE | |
r-devel-linux-x86_64-debian-gcc | 1.4 | 4.29 | 38.44 | 42.73 | NOTE | |
r-devel-linux-x86_64-fedora-clang | 1.4 | 101.26 | OK | |||
r-devel-linux-x86_64-fedora-gcc | 1.4 | 99.14 | OK | |||
r-devel-windows-x86_64 | 1.4 | 6.00 | 75.00 | 81.00 | OK | |
r-patched-linux-x86_64 | 1.4 | 6.69 | 55.84 | 62.53 | OK | |
r-release-linux-x86_64 | 1.4 | 5.07 | 57.34 | 62.41 | OK | |
r-release-macos-arm64 | 1.4 | 32.00 | OK | |||
r-release-macos-x86_64 | 1.4 | 51.00 | OK | |||
r-release-windows-x86_64 | 1.4 | 7.00 | 75.00 | 82.00 | OK | |
r-oldrel-macos-arm64 | 1.4 | 32.00 | OK | |||
r-oldrel-macos-x86_64 | 1.4 | 45.00 | OK | |||
r-oldrel-windows-x86_64 | 1.4 | 6.00 | 75.00 | 81.00 | OK |
Version: 1.4
Check: CRAN incoming feasibility
Result: NOTE
Maintainer: ‘Ana Lopez-Cheda <ana.lopez.cheda@udc.es>’
No Authors@R field in DESCRIPTION.
Please add one, modifying
Authors@R: c(person(given = c("German", "Aneiros"),
family = "Perez",
role = "aut"),
person(given = "Ana",
family = "Lopez-Cheda",
role = c("aut", "cre"),
email = "ana.lopez.cheda@udc.es"))
as necessary.
Flavors: r-devel-linux-x86_64-debian-clang, r-devel-linux-x86_64-debian-gcc
Version: 1.4
Check: examples
Result: NOTE
Examples with CPU (user + system) or elapsed time > 5s
user system elapsed
plrm.ancova 7.925 0.003 10.141
plrm.gof 5.626 0.007 7.002
Flavor: r-devel-linux-x86_64-debian-clang
Version: 1.4
Check: examples
Result: NOTE
Examples with CPU (user + system) or elapsed time > 5s
user system elapsed
plrm.ancova 4.204 0.003 5.394
Flavor: r-devel-linux-x86_64-debian-gcc