Last updated on 2025-04-30 13:54:24 CEST.
Flavor | Version | Tinstall | Tcheck | Ttotal | Status | Flags |
---|---|---|---|---|---|---|
r-devel-linux-x86_64-debian-clang | 0.6.0 | 6.47 | 63.11 | 69.58 | NOTE | |
r-devel-linux-x86_64-debian-gcc | 0.6.0 | 3.95 | 44.39 | 48.34 | NOTE | |
r-devel-linux-x86_64-fedora-clang | 0.6.0 | 97.68 | OK | |||
r-devel-linux-x86_64-fedora-gcc | 0.6.0 | 96.44 | OK | |||
r-devel-windows-x86_64 | 0.6.0 | 8.00 | 81.00 | 89.00 | OK | |
r-patched-linux-x86_64 | 0.6.0 | 6.35 | 60.44 | 66.79 | OK | |
r-release-linux-x86_64 | 0.6.0 | 6.11 | 60.22 | 66.33 | OK | |
r-release-macos-arm64 | 0.6.0 | 33.00 | OK | |||
r-release-macos-x86_64 | 0.6.0 | 56.00 | OK | |||
r-release-windows-x86_64 | 0.6.0 | 8.00 | 80.00 | 88.00 | OK | |
r-oldrel-macos-arm64 | 0.6.0 | 31.00 | OK | |||
r-oldrel-macos-x86_64 | 0.6.0 | 46.00 | OK | |||
r-oldrel-windows-x86_64 | 0.6.0 | 10.00 | 99.00 | 109.00 | OK |
Version: 0.6.0
Check: CRAN incoming feasibility
Result: NOTE
Maintainer: ‘Dabao Zhang <zhangdb@purdue.edu>’
No Authors@R field in DESCRIPTION.
Please add one, modifying
Authors@R: c(person(given = "Dabao",
family = "Zhang",
role = c("aut", "cre"),
email = "zhangdb@purdue.edu"),
person(given = "Zhongli",
family = "Jiang",
role = "aut"),
person(given = "Zeyu",
family = "Zhang",
role = "aut"),
person(given = "Yu-ting",
family = "Chen",
role = "aut"))
as necessary.
Flavors: r-devel-linux-x86_64-debian-clang, r-devel-linux-x86_64-debian-gcc