Last updated on 2025-10-24 18:50:03 CEST.
| Flavor | Version | Tinstall | Tcheck | Ttotal | Status | Flags |
|---|---|---|---|---|---|---|
| r-devel-linux-x86_64-debian-clang | 1.0.0 | 2.03 | 23.87 | 25.90 | NOTE | |
| r-devel-linux-x86_64-debian-gcc | 1.0.0 | 1.72 | 19.17 | 20.89 | NOTE | |
| r-devel-linux-x86_64-fedora-clang | 1.0.0 | 39.06 | OK | |||
| r-devel-linux-x86_64-fedora-gcc | 1.0.0 | 36.49 | OK | |||
| r-devel-windows-x86_64 | 1.0.0 | 3.00 | 42.00 | 45.00 | OK | |
| r-patched-linux-x86_64 | 1.0.0 | 2.27 | 22.51 | 24.78 | OK | |
| r-release-linux-x86_64 | 1.0.0 | 1.93 | 22.45 | 24.38 | OK | |
| r-release-macos-arm64 | 1.0.0 | 1.00 | 16.00 | 17.00 | OK | |
| r-release-macos-x86_64 | 1.0.0 | 2.00 | 26.00 | 28.00 | OK | |
| r-release-windows-x86_64 | 1.0.0 | 2.00 | 45.00 | 47.00 | OK | |
| r-oldrel-macos-arm64 | 1.0.0 | 1.00 | 16.00 | 17.00 | OK | |
| r-oldrel-macos-x86_64 | 1.0.0 | 2.00 | 21.00 | 23.00 | OK | |
| r-oldrel-windows-x86_64 | 1.0.0 | 3.00 | 49.00 | 52.00 | OK |
Version: 1.0.0
Check: CRAN incoming feasibility
Result: NOTE
Maintainer: ‘Jiacheng Miao <jiacheng.miao@wisc.edu>’
The Description field contains
(2023) <arXiv:2311.14220>.
Please refer to arXiv e-prints via their arXiv DOI <doi:10.48550/arXiv.YYMM.NNNNN>.
Flavors: r-devel-linux-x86_64-debian-clang, r-devel-linux-x86_64-debian-gcc