Last updated on 2025-11-16 00:48:41 CET.
| Flavor | Version | Tinstall | Tcheck | Ttotal | Status | Flags |
|---|---|---|---|---|---|---|
| r-devel-linux-x86_64-debian-clang | 0.6.3-11 | 23.37 | 61.10 | 84.47 | NOTE | |
| r-devel-linux-x86_64-debian-gcc | 0.6.3-11 | 16.33 | 46.96 | 63.29 | NOTE | |
| r-devel-linux-x86_64-fedora-clang | 0.6.3-11 | 56.00 | 86.44 | 142.44 | OK | |
| r-devel-linux-x86_64-fedora-gcc | 0.6.3-11 | 48.00 | 102.75 | 150.75 | OK | |
| r-devel-windows-x86_64 | 0.6.3-11 | 30.00 | 95.00 | 125.00 | OK | |
| r-patched-linux-x86_64 | 0.6.3-11 | 23.88 | 58.44 | 82.32 | OK | |
| r-release-linux-x86_64 | 0.6.3-11 | 23.40 | 58.88 | 82.28 | OK | |
| r-release-macos-arm64 | 0.6.3-11 | 12.00 | 42.00 | 54.00 | OK | |
| r-release-macos-x86_64 | 0.6.3-11 | 18.00 | 92.00 | 110.00 | OK | |
| r-release-windows-x86_64 | 0.6.3-11 | 25.00 | 95.00 | 120.00 | OK | |
| r-oldrel-macos-arm64 | 0.6.3-11 | 10.00 | 33.00 | 43.00 | OK | |
| r-oldrel-macos-x86_64 | 0.6.3-11 | 15.00 | 69.00 | 84.00 | OK | |
| r-oldrel-windows-x86_64 | 0.6.3-11 | 23.00 | 117.00 | 140.00 | OK |
Version: 0.6.3-11
Check: CRAN incoming feasibility
Result: NOTE
Maintainer: ‘Jan Steinfeld <jan.d.steinfeld@gmail.com>’
Package CITATION file contains call(s) to old-style personList() or
as.personList(). Please use c() on person objects instead.
Package CITATION file contains call(s) to old-style citEntry(). Please
use bibentry() instead.
Flavors: r-devel-linux-x86_64-debian-clang, r-devel-linux-x86_64-debian-gcc