Last updated on 2025-11-16 00:48:41 CET.
| Flavor | Version | Tinstall | Tcheck | Ttotal | Status | Flags |
|---|---|---|---|---|---|---|
| r-devel-linux-x86_64-debian-clang | 2.0.4 | 31.35 | 101.19 | 132.54 | NOTE | |
| r-devel-linux-x86_64-debian-gcc | 2.0.4 | 21.73 | 73.61 | 95.34 | NOTE | |
| r-devel-linux-x86_64-fedora-clang | 2.0.4 | 61.00 | 158.59 | 219.59 | OK | |
| r-devel-linux-x86_64-fedora-gcc | 2.0.4 | 74.00 | 123.56 | 197.56 | OK | |
| r-devel-windows-x86_64 | 2.0.4 | 42.00 | 115.00 | 157.00 | OK | |
| r-patched-linux-x86_64 | 2.0.4 | 31.44 | 93.86 | 125.30 | OK | |
| r-release-linux-x86_64 | 2.0.4 | 28.41 | 93.54 | 121.95 | OK | |
| r-release-macos-arm64 | 2.0.4 | 13.00 | 39.00 | 52.00 | OK | |
| r-release-macos-x86_64 | 2.0.4 | 21.00 | 66.00 | 87.00 | OK | |
| r-release-windows-x86_64 | 2.0.4 | 36.00 | 117.00 | 153.00 | OK | |
| r-oldrel-macos-arm64 | 2.0.4 | 13.00 | 37.00 | 50.00 | OK | |
| r-oldrel-macos-x86_64 | 2.0.4 | 19.00 | 54.00 | 73.00 | OK | |
| r-oldrel-windows-x86_64 | 2.0.4 | 46.00 | 149.00 | 195.00 | OK |
Version: 2.0.4
Check: CRAN incoming feasibility
Result: NOTE
Maintainer: ‘Eun-Kyung Lee <lee.eunk@gmail.com>’
No Authors@R field in DESCRIPTION.
Please add one, modifying
Authors@R: person(given = "Eun-Kyung",
family = "Lee",
role = c("aut", "cre"),
email = "lee.eunk@gmail.com")
as necessary.
Flavors: r-devel-linux-x86_64-debian-clang, r-devel-linux-x86_64-debian-gcc