Last updated on 2025-11-16 00:48:41 CET.
| Flavor | Version | Tinstall | Tcheck | Ttotal | Status | Flags |
|---|---|---|---|---|---|---|
| r-devel-linux-x86_64-debian-clang | 0.6.0 | 8.67 | 38.28 | 46.95 | NOTE | |
| r-devel-linux-x86_64-debian-gcc | 0.6.0 | 6.40 | 31.52 | 37.92 | OK | |
| r-devel-linux-x86_64-fedora-clang | 0.6.0 | 36.00 | 37.11 | 73.11 | OK | |
| r-devel-linux-x86_64-fedora-gcc | 0.6.0 | 46.00 | 40.03 | 86.03 | OK | |
| r-devel-windows-x86_64 | 0.6.0 | 30.00 | 197.00 | 227.00 | NOTE | |
| r-patched-linux-x86_64 | 0.6.0 | 6.25 | 35.41 | 41.66 | OK | |
| r-release-linux-x86_64 | 0.6.0 | 6.56 | 35.61 | 42.17 | OK | |
| r-release-macos-arm64 | 0.6.0 | 11.00 | 30.00 | 41.00 | OK | |
| r-release-macos-x86_64 | 0.6.0 | 26.00 | 71.00 | 97.00 | OK | |
| r-release-windows-x86_64 | 0.6.0 | 25.00 | 194.00 | 219.00 | OK | |
| r-oldrel-macos-arm64 | 0.6.0 | 17.00 | 38.00 | 55.00 | NOTE | |
| r-oldrel-macos-x86_64 | 0.6.0 | 22.00 | 60.00 | 82.00 | NOTE | |
| r-oldrel-windows-x86_64 | 0.6.0 | 24.00 | 246.00 | 270.00 | NOTE |
Version: 0.6.0
Check: Rd files
Result: NOTE
checkRd: (-1) PROJ-package.Rd:16-21: Only 2 columns allowed in this table (row 1 has 1)
Flavors: r-devel-linux-x86_64-debian-clang, r-devel-windows-x86_64
Version: 0.6.0
Check: installed package size
Result: NOTE
installed size is 13.1Mb
sub-directories of 1Mb or more:
libs 12.8Mb
Flavors: r-oldrel-macos-arm64, r-oldrel-macos-x86_64, r-oldrel-windows-x86_64