CRAN Package Check Results for Package PSF

Last updated on 2025-10-05 17:50:10 CEST.

Flavor Version Tinstall Tcheck Ttotal Status Flags
r-devel-linux-x86_64-debian-clang 0.5 2.13 46.61 48.74 NOTE
r-devel-linux-x86_64-debian-gcc 0.5 1.62 33.66 35.28 NOTE
r-devel-linux-x86_64-fedora-clang 0.5 72.63 OK
r-devel-linux-x86_64-fedora-gcc 0.5 83.75 OK
r-devel-windows-x86_64 0.5 4.00 62.00 66.00 OK
r-patched-linux-x86_64 0.5 2.07 42.49 44.56 OK
r-release-linux-x86_64 0.5 2.15 43.26 45.41 OK
r-release-macos-arm64 0.5 32.00 OK
r-release-macos-x86_64 0.5 57.00 OK
r-release-windows-x86_64 0.5 4.00 61.00 65.00 OK
r-oldrel-macos-arm64 0.5 29.00 OK
r-oldrel-macos-x86_64 0.5 47.00 OK
r-oldrel-windows-x86_64 0.5 5.00 75.00 80.00 OK

Check Details

Version: 0.5
Check: CRAN incoming feasibility
Result: NOTE Maintainer: ‘Neeraj Bokde <neerajdhanraj@gmail.com>’ No Authors@R field in DESCRIPTION. Please add one, modifying Authors@R: c(person(given = "Neeraj", family = "Bokde", role = c("aut", "cre"), email = "neerajdhanraj@gmail.com"), person(given = "Gualberto", family = "Asencio-Cortes", role = "aut"), person(given = "Francisco", family = "Martinez-Alvarez", role = "aut")) as necessary. Package CITATION file contains call(s) to old-style personList() or as.personList(). Please use c() on person objects instead. Package CITATION file contains call(s) to old-style citEntry(). Please use bibentry() instead. Flavors: r-devel-linux-x86_64-debian-clang, r-devel-linux-x86_64-debian-gcc