Last updated on 2025-11-16 06:49:49 CET.
| Flavor | Version | Tinstall | Tcheck | Ttotal | Status | Flags |
|---|---|---|---|---|---|---|
| r-devel-linux-x86_64-debian-clang | 0.2.0 | 7.21 | 54.04 | 61.25 | OK | |
| r-devel-linux-x86_64-debian-gcc | 0.2.0 | 5.95 | 39.85 | 45.80 | OK | |
| r-devel-linux-x86_64-fedora-clang | 0.2.0 | 18.00 | 80.35 | 98.35 | OK | |
| r-devel-linux-x86_64-fedora-gcc | 0.2.0 | 16.00 | 74.32 | 90.32 | OK | |
| r-devel-windows-x86_64 | 0.2.0 | 12.00 | 65.00 | 77.00 | OK | |
| r-patched-linux-x86_64 | 0.2.0 | 8.15 | 50.26 | 58.41 | OK | |
| r-release-linux-x86_64 | 0.2.0 | 7.27 | 50.69 | 57.96 | OK | |
| r-release-macos-arm64 | 0.2.0 | 4.00 | 24.00 | 28.00 | OK | |
| r-release-macos-x86_64 | 0.2.0 | 9.00 | 51.00 | 60.00 | OK | |
| r-release-windows-x86_64 | 0.2.0 | 9.00 | 65.00 | 74.00 | OK | |
| r-oldrel-macos-arm64 | 0.2.0 | 5.00 | 22.00 | 27.00 | NOTE | |
| r-oldrel-macos-x86_64 | 0.2.0 | 11.00 | 36.00 | 47.00 | NOTE | |
| r-oldrel-windows-x86_64 | 0.2.0 | 13.00 | 83.00 | 96.00 | OK |
Version: 0.2.0
Check: installed package size
Result: NOTE
installed size is 5.0Mb
sub-directories of 1Mb or more:
data 4.9Mb
Flavors: r-oldrel-macos-arm64, r-oldrel-macos-x86_64