Last updated on 2025-04-29 13:51:36 CEST.
Flavor | Version | Tinstall | Tcheck | Ttotal | Status | Flags |
---|---|---|---|---|---|---|
r-devel-linux-x86_64-debian-clang | 0.2.0 | 2.75 | 43.69 | 46.44 | NOTE | |
r-devel-linux-x86_64-debian-gcc | 0.2.0 | 1.79 | 31.32 | 33.11 | OK | |
r-devel-linux-x86_64-fedora-clang | 0.2.0 | 71.34 | OK | |||
r-devel-linux-x86_64-fedora-gcc | 0.2.0 | 73.69 | OK | |||
r-devel-windows-x86_64 | 0.2.0 | 5.00 | 63.00 | 68.00 | OK | |
r-patched-linux-x86_64 | 0.2.0 | 2.78 | 43.21 | 45.99 | OK | |
r-release-linux-x86_64 | 0.2.0 | 2.27 | 42.91 | 45.18 | OK | |
r-release-macos-arm64 | 0.2.0 | 27.00 | OK | |||
r-release-macos-x86_64 | 0.2.0 | 45.00 | OK | |||
r-release-windows-x86_64 | 0.2.0 | 5.00 | 64.00 | 69.00 | OK | |
r-oldrel-macos-arm64 | 0.2.0 | 27.00 | OK | |||
r-oldrel-macos-x86_64 | 0.2.0 | 71.00 | OK | |||
r-oldrel-windows-x86_64 | 0.2.0 | 5.00 | 76.00 | 81.00 | OK |
Version: 0.2.0
Check: examples
Result: NOTE
Examples with CPU (user + system) or elapsed time > 5s
user system elapsed
fungalpigments.LAB 2.96 0.402 5.691
Flavor: r-devel-linux-x86_64-debian-clang