Last updated on 2025-07-18 07:49:40 CEST.
Flavor | Version | Tinstall | Tcheck | Ttotal | Status | Flags |
---|---|---|---|---|---|---|
r-devel-linux-x86_64-debian-clang | 0.1-8 | 25.09 | 149.82 | 174.91 | OK | |
r-devel-linux-x86_64-debian-gcc | 0.1-8 | 20.24 | 108.24 | 128.48 | OK | |
r-devel-linux-x86_64-fedora-clang | 0.1-8 | 276.35 | OK | |||
r-devel-linux-x86_64-fedora-gcc | 0.1-8 | 253.23 | OK | |||
r-devel-windows-x86_64 | 0.1-8 | 20.00 | 140.00 | 160.00 | OK | |
r-patched-linux-x86_64 | 0.1-8 | 28.46 | 143.03 | 171.49 | OK | |
r-release-linux-x86_64 | 0.1-7 | 25.25 | 141.91 | 167.16 | NOTE | |
r-release-macos-arm64 | 0.1-8 | 62.00 | OK | |||
r-release-macos-x86_64 | 0.1-8 | 117.00 | OK | |||
r-release-windows-x86_64 | 0.1-8 | 20.00 | 138.00 | 158.00 | OK | |
r-oldrel-macos-arm64 | 0.1-8 | 70.00 | OK | |||
r-oldrel-macos-x86_64 | 0.1-8 | 122.00 | OK | |||
r-oldrel-windows-x86_64 | 0.1-8 | 24.00 | 173.00 | 197.00 | OK |
Version: 0.1-7
Check: Rd cross-references
Result: NOTE
Found the following Rd file(s) with Rd \link{} targets missing package
anchors:
pva-class.Rd: dcmle-class
Please provide package anchors for all Rd \link{} targets not in the
package itself and the base packages.
Flavor: r-release-linux-x86_64