Last updated on 2024-07-13 05:49:21 CEST.
Flavor | Version | Tinstall | Tcheck | Ttotal | Status | Flags |
---|---|---|---|---|---|---|
r-devel-linux-x86_64-debian-clang | 0.1.0 | 10.81 | 50.66 | 61.47 | NOTE | |
r-devel-linux-x86_64-debian-gcc | 0.1.0 | 7.80 | 37.03 | 44.83 | NOTE | |
r-devel-linux-x86_64-fedora-clang | 0.1.0 | 75.68 | NOTE | |||
r-devel-linux-x86_64-fedora-gcc | 0.1.0 | 89.51 | NOTE | |||
r-devel-windows-x86_64 | 0.1.0 | 9.00 | 58.00 | 67.00 | NOTE | |
r-patched-linux-x86_64 | 0.1.0 | 9.20 | 45.60 | 54.80 | NOTE | |
r-release-linux-x86_64 | 0.1.0 | 10.00 | 46.62 | 56.62 | NOTE | |
r-release-macos-arm64 | 0.1.0 | 32.00 | NOTE | |||
r-release-macos-x86_64 | 0.1.0 | 45.00 | NOTE | |||
r-release-windows-x86_64 | 0.1.0 | 9.00 | 58.00 | 67.00 | NOTE | |
r-oldrel-macos-arm64 | 0.1.0 | 34.00 | OK | |||
r-oldrel-macos-x86_64 | 0.1.0 | 50.00 | OK | |||
r-oldrel-windows-x86_64 | 0.1.0 | 13.00 | 61.00 | 74.00 | OK |
Version: 0.1.0
Check: Rd files
Result: NOTE
checkRd: (-1) PakPMICS2018fs.Rd:308: Lost braces in \enumerate; meant \describe ?
checkRd: (-1) PakPMICS2018fs.Rd:309: Lost braces in \enumerate; meant \describe ?
Flavors: r-devel-linux-x86_64-debian-clang, r-devel-linux-x86_64-debian-gcc, r-devel-linux-x86_64-fedora-clang, r-devel-linux-x86_64-fedora-gcc, r-devel-windows-x86_64, r-patched-linux-x86_64, r-release-linux-x86_64, r-release-macos-arm64, r-release-macos-x86_64, r-release-windows-x86_64