CRAN Package Check Results for Package PakPMICS2018hh

Last updated on 2025-11-16 00:48:40 CET.

Flavor Version Tinstall Tcheck Ttotal Status Flags
r-devel-linux-x86_64-debian-clang 0.1.0 6.89 40.51 47.40 NOTE
r-devel-linux-x86_64-debian-gcc 0.1.0 5.60 31.07 36.67 NOTE
r-devel-linux-x86_64-fedora-clang 0.1.0 16.00 59.07 75.07 NOTE
r-devel-linux-x86_64-fedora-gcc 0.1.0 16.00 68.89 84.89 NOTE
r-devel-windows-x86_64 0.1.0 11.00 57.00 68.00 NOTE
r-patched-linux-x86_64 0.1.0 6.54 38.00 44.54 NOTE
r-release-linux-x86_64 0.1.0 6.26 38.47 44.73 NOTE
r-release-macos-arm64 0.1.0 4.00 34.00 38.00 NOTE
r-release-macos-x86_64 0.1.0 7.00 50.00 57.00 NOTE
r-release-windows-x86_64 0.1.0 10.00 57.00 67.00 NOTE
r-oldrel-macos-arm64 0.1.0 5.00 27.00 32.00 NOTE
r-oldrel-macos-x86_64 0.1.0 7.00 38.00 45.00 NOTE
r-oldrel-windows-x86_64 0.1.0 12.00 68.00 80.00 NOTE

Check Details

Version: 0.1.0
Check: Rd files
Result: NOTE checkRd: (-1) PakPMICS2018hh.Rd:362: Lost braces in \enumerate; meant \describe ? checkRd: (-1) PakPMICS2018hh.Rd:363: Lost braces in \enumerate; meant \describe ? Flavors: r-devel-linux-x86_64-debian-clang, r-devel-linux-x86_64-debian-gcc, r-devel-linux-x86_64-fedora-clang, r-devel-linux-x86_64-fedora-gcc, r-devel-windows-x86_64, r-patched-linux-x86_64, r-release-linux-x86_64, r-release-macos-arm64, r-release-macos-x86_64, r-release-windows-x86_64, r-oldrel-macos-arm64, r-oldrel-macos-x86_64, r-oldrel-windows-x86_64

Version: 0.1.0
Check: installed package size
Result: NOTE installed size is 5.7Mb sub-directories of 1Mb or more: data 5.1Mb Flavors: r-oldrel-macos-arm64, r-oldrel-macos-x86_64