Last updated on 2025-11-16 00:48:40 CET.
| Flavor | Version | Tinstall | Tcheck | Ttotal | Status | Flags |
|---|---|---|---|---|---|---|
| r-devel-linux-x86_64-debian-clang | 0.1.2 | 3.90 | 43.51 | 47.41 | OK | |
| r-devel-linux-x86_64-debian-gcc | 0.1.2 | 2.85 | 33.82 | 36.67 | OK | |
| r-devel-linux-x86_64-fedora-clang | 0.1.2 | 70.25 | NOTE | |||
| r-devel-linux-x86_64-fedora-gcc | 0.1.2 | 81.96 | NOTE | |||
| r-devel-windows-x86_64 | 0.1.2 | 5.00 | 53.00 | 58.00 | OK | |
| r-patched-linux-x86_64 | 0.1.2 | 3.75 | 40.78 | 44.53 | OK | |
| r-release-linux-x86_64 | 0.1.2 | 3.89 | 41.15 | 45.04 | OK | |
| r-release-macos-arm64 | 0.1.2 | 2.00 | 26.00 | 28.00 | OK | |
| r-release-macos-x86_64 | 0.1.2 | 4.00 | 52.00 | 56.00 | OK | |
| r-release-windows-x86_64 | 0.1.2 | 7.00 | 54.00 | 61.00 | OK | |
| r-oldrel-macos-arm64 | 0.1.2 | 2.00 | 25.00 | 27.00 | OK | |
| r-oldrel-macos-x86_64 | 0.1.2 | 4.00 | 39.00 | 43.00 | OK | |
| r-oldrel-windows-x86_64 | 0.1.2 | 5.00 | 62.00 | 67.00 | OK |
Version: 0.1.2
Check: dependencies in R code
Result: NOTE
Namespace in Imports field not imported from: ‘utils’
All declared Imports should be used.
Flavors: r-devel-linux-x86_64-fedora-clang, r-devel-linux-x86_64-fedora-gcc