CRAN Package Check Results for Package Partiallyoverlapping

Last updated on 2025-04-29 13:51:33 CEST.

Flavor Version Tinstall Tcheck Ttotal Status Flags
r-devel-linux-x86_64-debian-clang 2.0 2.03 17.80 19.83 NOTE
r-devel-linux-x86_64-debian-gcc 2.0 1.51 14.19 15.70 NOTE
r-devel-linux-x86_64-fedora-clang 2.0 30.69 OK
r-devel-linux-x86_64-fedora-gcc 2.0 28.88 OK
r-devel-windows-x86_64 2.0 2.00 37.00 39.00 OK
r-patched-linux-x86_64 2.0 1.96 16.71 18.67 OK
r-release-linux-x86_64 2.0 1.93 16.61 18.54 OK
r-release-macos-arm64 2.0 14.00 OK
r-release-macos-x86_64 2.0 23.00 OK
r-release-windows-x86_64 2.0 3.00 38.00 41.00 OK
r-oldrel-macos-arm64 2.0 14.00 NOTE
r-oldrel-macos-x86_64 2.0 20.00 NOTE
r-oldrel-windows-x86_64 2.0 3.00 37.00 40.00 NOTE

Check Details

Version: 2.0
Check: CRAN incoming feasibility
Result: NOTE Maintainer: ‘Ben Derrick <ben.derrick@uwe.ac.uk>’ No Authors@R field in DESCRIPTION. Please add one, modifying Authors@R: person(given = "Ben", family = "Derrick", role = c("aut", "cre"), email = "ben.derrick@uwe.ac.uk") as necessary. Flavors: r-devel-linux-x86_64-debian-clang, r-devel-linux-x86_64-debian-gcc

Version: 2.0
Check: LazyData
Result: NOTE 'LazyData' is specified without a 'data' directory Flavors: r-oldrel-macos-arm64, r-oldrel-macos-x86_64, r-oldrel-windows-x86_64