Last updated on 2025-11-16 06:49:47 CET.
| Flavor | Version | Tinstall | Tcheck | Ttotal | Status | Flags |
|---|---|---|---|---|---|---|
| r-devel-linux-x86_64-debian-clang | 1.7 | 17.07 | 193.24 | 210.31 | OK | |
| r-devel-linux-x86_64-debian-gcc | 1.7 | 13.82 | 150.67 | 164.49 | NOTE | |
| r-devel-linux-x86_64-fedora-clang | 1.7 | 117.00 | 258.10 | 375.10 | OK | |
| r-devel-linux-x86_64-fedora-gcc | 1.7 | 84.00 | 283.31 | 367.31 | OK | |
| r-devel-windows-x86_64 | 1.7 | 26.00 | 201.00 | 227.00 | OK | |
| r-patched-linux-x86_64 | 1.7 | 19.36 | 202.45 | 221.81 | OK | |
| r-release-linux-x86_64 | 1.7 | 19.58 | 199.68 | 219.26 | OK | |
| r-release-macos-arm64 | 1.7 | 46.00 | 198.00 | 244.00 | OK | |
| r-release-macos-x86_64 | 1.7 | 21.00 | 233.00 | 254.00 | OK | |
| r-release-windows-x86_64 | 1.7 | 19.00 | 207.00 | 226.00 | OK | |
| r-oldrel-macos-arm64 | 1.7 | 33.00 | 206.00 | 239.00 | OK | |
| r-oldrel-macos-x86_64 | 1.7 | 20.00 | 220.00 | 240.00 | OK | |
| r-oldrel-windows-x86_64 | 1.7 | 28.00 | 251.00 | 279.00 | OK |
Version: 1.7
Check: CRAN incoming feasibility
Result: NOTE
Maintainer: ‘Frederic Bertrand <frederic.bertrand@lecnam.net>’
The BugReports field in DESCRIPTION has
https://github.com/fbertran/Patterns/issues/
which should likely be
https://github.com/fbertran/Patterns/issues/issues
instead.
Flavor: r-devel-linux-x86_64-debian-gcc