CRAN Package Check Results for Package Peacock.test

Last updated on 2025-04-29 13:51:33 CEST.

Flavor Version Tinstall Tcheck Ttotal Status Flags
r-devel-linux-x86_64-debian-clang 1.0 1.68 16.82 18.50 NOTE
r-devel-linux-x86_64-debian-gcc 1.0 1.36 13.86 15.22 NOTE
r-devel-linux-x86_64-fedora-clang 1.0 29.01 NOTE
r-devel-linux-x86_64-fedora-gcc 1.0 27.45 NOTE
r-devel-windows-x86_64 1.0 2.00 34.00 36.00 NOTE
r-patched-linux-x86_64 1.0 1.77 15.88 17.65 NOTE
r-release-linux-x86_64 1.0 1.40 16.11 17.51 NOTE
r-release-macos-arm64 1.0 13.00 NOTE
r-release-macos-x86_64 1.0 20.00 NOTE
r-release-windows-x86_64 1.0 3.00 35.00 38.00 NOTE
r-oldrel-macos-arm64 1.0 13.00 NOTE
r-oldrel-macos-x86_64 1.0 18.00 NOTE
r-oldrel-windows-x86_64 1.0 3.00 35.00 38.00 NOTE

Check Details

Version: 1.0
Check: CRAN incoming feasibility
Result: NOTE Maintainer: ‘Yuanhui Xiao <xiao_yuanhui@hotmail.com>’ No Authors@R field in DESCRIPTION. Please add one, modifying Authors@R: person(given = "Yuanhui", family = "Xiao", role = c("aut", "cre"), email = "xiao_yuanhui@hotmail.com") as necessary. Flavors: r-devel-linux-x86_64-debian-clang, r-devel-linux-x86_64-debian-gcc

Version: 1.0
Check: Rd files
Result: NOTE checkRd: (-1) Peacock.test-package.Rd:28: Escaped LaTeX specials: \_ Flavors: r-devel-linux-x86_64-debian-clang, r-devel-linux-x86_64-debian-gcc, r-devel-linux-x86_64-fedora-clang, r-devel-linux-x86_64-fedora-gcc, r-devel-windows-x86_64, r-patched-linux-x86_64, r-release-linux-x86_64, r-release-macos-arm64, r-release-macos-x86_64, r-release-windows-x86_64, r-oldrel-macos-arm64, r-oldrel-macos-x86_64, r-oldrel-windows-x86_64