Last updated on 2025-04-29 13:51:33 CEST.
Flavor | Version | Tinstall | Tcheck | Ttotal | Status | Flags |
---|---|---|---|---|---|---|
r-devel-linux-x86_64-debian-clang | 2.0.0 | 31.86 | 91.99 | 123.85 | NOTE | |
r-devel-linux-x86_64-debian-gcc | 2.0.0 | 21.48 | 62.56 | 84.04 | NOTE | |
r-devel-linux-x86_64-fedora-clang | 2.0.0 | 202.27 | OK | |||
r-devel-linux-x86_64-fedora-gcc | 2.0.0 | 188.86 | OK | |||
r-devel-windows-x86_64 | 2.0.0 | 36.00 | 105.00 | 141.00 | OK | |
r-patched-linux-x86_64 | 2.0.0 | 32.60 | 88.35 | 120.95 | NOTE | |
r-release-linux-x86_64 | 2.0.0 | 29.64 | 86.72 | 116.36 | NOTE | |
r-release-macos-arm64 | 2.0.0 | 55.00 | OK | |||
r-release-macos-x86_64 | 2.0.0 | 116.00 | OK | |||
r-release-windows-x86_64 | 2.0.0 | 37.00 | 114.00 | 151.00 | OK | |
r-oldrel-macos-arm64 | 2.0.0 | 55.00 | OK | |||
r-oldrel-macos-x86_64 | 2.0.0 | 152.00 | OK | |||
r-oldrel-windows-x86_64 | 2.0.0 | 43.00 | 147.00 | 190.00 | OK |
Version: 2.0.0
Check: CRAN incoming feasibility
Result: NOTE
Maintainer: ‘Andreas Groll <groll@statistik.tu-dortmund.de>’
No Authors@R field in DESCRIPTION.
Please add one, modifying
Authors@R: person(given = "Andreas",
family = "Groll",
role = c("aut", "cre"),
email = "groll@statistik.tu-dortmund.de")
as necessary.
Found the following \keyword or \concept entries
which likely give several index terms:
File ‘pencoxfrail.rd’:
\keyword{Cox frailty model; LASSO; Penalization; T [TRUNCATED]
Flavors: r-devel-linux-x86_64-debian-clang, r-devel-linux-x86_64-debian-gcc
Version: 2.0.0
Check: for unstated dependencies in ‘demo’
Result: NOTE
'library' or 'require' call not declared from: ‘mgcv’
Flavors: r-devel-linux-x86_64-debian-clang, r-devel-linux-x86_64-debian-gcc, r-patched-linux-x86_64, r-release-linux-x86_64