Last updated on 2024-06-27 16:49:11 CEST.
Flavor | Version | Tinstall | Tcheck | Ttotal | Status | Flags |
---|---|---|---|---|---|---|
r-devel-linux-x86_64-debian-clang | 1.0.3 | NOTE | ||||
r-devel-linux-x86_64-debian-gcc | 1.0.3 | 12.39 | 20.62 | 33.01 | NOTE | |
r-devel-linux-x86_64-fedora-clang | 1.0.3 | 65.52 | NOTE | |||
r-devel-linux-x86_64-fedora-gcc | 1.0.3 | 60.65 | NOTE | |||
r-devel-windows-x86_64 | 1.0.3 | 15.00 | 58.00 | 73.00 | NOTE | |
r-patched-linux-x86_64 | 1.0.3 | 16.22 | 26.10 | 42.32 | NOTE | |
r-release-linux-x86_64 | 1.0.3 | 15.24 | 25.82 | 41.06 | NOTE | |
r-release-macos-arm64 | 1.0.3 | 21.00 | NOTE | |||
r-release-macos-x86_64 | 1.0.3 | 40.00 | NOTE | |||
r-release-windows-x86_64 | 1.0.3 | 17.00 | 73.00 | 90.00 | NOTE | |
r-oldrel-macos-arm64 | 1.0.3 | 22.00 | NOTE | |||
r-oldrel-macos-x86_64 | 1.0.3 | 34.00 | NOTE | |||
r-oldrel-windows-x86_64 | 1.0.3 | 15.00 | 66.00 | 81.00 | NOTE |
Version: 1.0.3
Check: C++ specification
Result: NOTE
Specified C++11: please drop specification unless essential
Flavors: r-devel-linux-x86_64-debian-clang, r-devel-linux-x86_64-debian-gcc, r-devel-linux-x86_64-fedora-clang, r-devel-linux-x86_64-fedora-gcc, r-devel-windows-x86_64, r-patched-linux-x86_64, r-release-linux-x86_64, r-release-macos-arm64, r-release-macos-x86_64, r-release-windows-x86_64, r-oldrel-macos-arm64, r-oldrel-macos-x86_64, r-oldrel-windows-x86_64
Version: 1.0.3
Check: LazyData
Result: NOTE
'LazyData' is specified without a 'data' directory
Flavors: r-devel-linux-x86_64-debian-clang, r-devel-linux-x86_64-debian-gcc, r-devel-linux-x86_64-fedora-clang, r-devel-linux-x86_64-fedora-gcc, r-devel-windows-x86_64, r-patched-linux-x86_64, r-release-linux-x86_64, r-release-macos-arm64, r-release-macos-x86_64, r-release-windows-x86_64, r-oldrel-macos-arm64, r-oldrel-macos-x86_64, r-oldrel-windows-x86_64