Last updated on 2025-11-16 18:49:39 CET.
| Flavor | Version | Tinstall | Tcheck | Ttotal | Status | Flags |
|---|---|---|---|---|---|---|
| r-devel-linux-x86_64-debian-clang | 1.0.3 | 9.04 | 22.80 | 31.84 | NOTE | |
| r-devel-linux-x86_64-debian-gcc | 1.0.3 | 5.77 | 18.96 | 24.73 | NOTE | |
| r-devel-linux-x86_64-fedora-clang | 1.0.3 | 24.00 | 30.19 | 54.19 | NOTE | |
| r-devel-linux-x86_64-fedora-gcc | 1.0.3 | 19.00 | 28.04 | 47.04 | NOTE | |
| r-devel-windows-x86_64 | 1.0.3 | 16.00 | 57.00 | 73.00 | NOTE | |
| r-patched-linux-x86_64 | 1.0.3 | 7.95 | 21.72 | 29.67 | NOTE | |
| r-release-linux-x86_64 | 1.0.3 | 8.17 | 21.89 | 30.06 | NOTE | |
| r-release-macos-arm64 | 1.0.3 | 5.00 | 16.00 | 21.00 | NOTE | |
| r-release-macos-x86_64 | 1.0.3 | 7.00 | 24.00 | 31.00 | NOTE | |
| r-release-windows-x86_64 | 1.0.3 | 11.00 | 89.00 | 100.00 | NOTE | |
| r-oldrel-macos-arm64 | 1.0.3 | 6.00 | 15.00 | 21.00 | NOTE | |
| r-oldrel-macos-x86_64 | 1.0.3 | 11.00 | 29.00 | 40.00 | NOTE | |
| r-oldrel-windows-x86_64 | 1.0.3 | 11.00 | 67.00 | 78.00 | NOTE |
Version: 1.0.3
Check: C++ specification
Result: NOTE
Specified C++11: please drop specification unless essential
Flavors: r-devel-linux-x86_64-debian-clang, r-devel-linux-x86_64-debian-gcc, r-devel-linux-x86_64-fedora-clang, r-devel-linux-x86_64-fedora-gcc, r-devel-windows-x86_64, r-patched-linux-x86_64, r-release-linux-x86_64, r-release-macos-arm64, r-release-macos-x86_64, r-release-windows-x86_64, r-oldrel-macos-arm64, r-oldrel-macos-x86_64, r-oldrel-windows-x86_64
Version: 1.0.3
Check: LazyData
Result: NOTE
'LazyData' is specified without a 'data' directory
Flavors: r-oldrel-macos-arm64, r-oldrel-macos-x86_64, r-oldrel-windows-x86_64