Last updated on 2024-06-27 10:49:39 CEST.
Flavor | Version | Tinstall | Tcheck | Ttotal | Status | Flags |
---|---|---|---|---|---|---|
r-devel-linux-x86_64-debian-clang | 1.3.2 | NOTE | ||||
r-devel-linux-x86_64-debian-gcc | 1.3.2 | 41.31 | 311.83 | 353.14 | NOTE | |
r-devel-linux-x86_64-fedora-clang | 1.3.2 | 643.50 | OK | |||
r-devel-linux-x86_64-fedora-gcc | 1.3.2 | 621.24 | OK | |||
r-devel-windows-x86_64 | 1.3.2 | 35.00 | 292.00 | 327.00 | OK | |
r-patched-linux-x86_64 | 1.3.2 | 43.58 | 414.69 | 458.27 | NOTE | |
r-release-linux-x86_64 | 1.3.2 | 29.53 | 425.89 | 455.42 | NOTE | |
r-release-macos-arm64 | 1.3.2 | 140.00 | NOTE | |||
r-release-macos-x86_64 | 1.3.2 | 228.00 | NOTE | |||
r-release-windows-x86_64 | 1.3.2 | 38.00 | 295.00 | 333.00 | OK | |
r-oldrel-macos-arm64 | 1.3.2 | 193.00 | NOTE | |||
r-oldrel-macos-x86_64 | 1.3.2 | 320.00 | NOTE | |||
r-oldrel-windows-x86_64 | 1.3.2 | 49.00 | 361.00 | 410.00 | NOTE |
Version: 1.3.2
Check: package dependencies
Result: NOTE
Package suggested but not available for checking: ‘INLA’
Flavors: r-devel-linux-x86_64-debian-clang, r-devel-linux-x86_64-debian-gcc, r-patched-linux-x86_64, r-release-linux-x86_64, r-release-macos-arm64, r-release-macos-x86_64, r-oldrel-macos-arm64, r-oldrel-macos-x86_64, r-oldrel-windows-x86_64
Version: 1.3.2
Check: Rd cross-references
Result: NOTE
Package unavailable to check Rd xrefs: ‘INLA’
Flavors: r-devel-linux-x86_64-debian-clang, r-devel-linux-x86_64-debian-gcc, r-patched-linux-x86_64, r-release-linux-x86_64, r-release-macos-arm64, r-release-macos-x86_64, r-oldrel-macos-arm64, r-oldrel-macos-x86_64, r-oldrel-windows-x86_64