Last updated on 2025-04-29 13:51:34 CEST.
Flavor | Version | Tinstall | Tcheck | Ttotal | Status | Flags |
---|---|---|---|---|---|---|
r-devel-linux-x86_64-debian-clang | 0.1-0 | 4.55 | 28.81 | 33.36 | NOTE | |
r-devel-linux-x86_64-debian-gcc | 0.1-0 | 3.30 | 21.44 | 24.74 | NOTE | |
r-devel-linux-x86_64-fedora-clang | 0.1-0 | 53.04 | OK | |||
r-devel-linux-x86_64-fedora-gcc | 0.1-0 | 50.60 | OK | |||
r-devel-windows-x86_64 | 0.1-0 | 6.00 | 51.00 | 57.00 | OK | |
r-patched-linux-x86_64 | 0.1-0 | 5.01 | 26.92 | 31.93 | OK | |
r-release-linux-x86_64 | 0.1-0 | 4.51 | 27.07 | 31.58 | OK | |
r-release-macos-arm64 | 0.1-0 | 20.00 | OK | |||
r-release-macos-x86_64 | 0.1-0 | 34.00 | OK | |||
r-release-windows-x86_64 | 0.1-0 | 7.00 | 53.00 | 60.00 | OK | |
r-oldrel-macos-arm64 | 0.1-0 | 22.00 | OK | |||
r-oldrel-macos-x86_64 | 0.1-0 | 32.00 | OK | |||
r-oldrel-windows-x86_64 | 0.1-0 | 6.00 | 51.00 | 57.00 | OK |
Version: 0.1-0
Check: CRAN incoming feasibility
Result: NOTE
Maintainer: ‘Chris Salahub <chris.salahub@uwaterloo.ca>’
The Description field contains
in Salahub and Olford (2023) <arXiv:2310.16600>. This package provides
Please refer to arXiv e-prints via their arXiv DOI <doi:10.48550/arXiv.YYMM.NNNNN>.
Flavors: r-devel-linux-x86_64-debian-clang, r-devel-linux-x86_64-debian-gcc