Last updated on 2025-04-29 13:51:34 CEST.
Flavor | Version | Tinstall | Tcheck | Ttotal | Status | Flags |
---|---|---|---|---|---|---|
r-devel-linux-x86_64-debian-clang | 1.0 | 2.43 | 30.26 | 32.69 | NOTE | |
r-devel-linux-x86_64-debian-gcc | 1.0 | 1.74 | 22.33 | 24.07 | NOTE | |
r-devel-linux-x86_64-fedora-clang | 1.0 | 49.12 | OK | |||
r-devel-linux-x86_64-fedora-gcc | 1.0 | 46.62 | OK | |||
r-devel-windows-x86_64 | 1.0 | 3.00 | 45.00 | 48.00 | OK | |
r-patched-linux-x86_64 | 1.0 | 2.61 | 28.82 | 31.43 | OK | |
r-release-linux-x86_64 | 1.0 | 2.28 | 28.58 | 30.86 | OK | |
r-release-macos-arm64 | 1.0 | 19.00 | OK | |||
r-release-macos-x86_64 | 1.0 | 34.00 | OK | |||
r-release-windows-x86_64 | 1.0 | 4.00 | 46.00 | 50.00 | OK | |
r-oldrel-macos-arm64 | 1.0 | 18.00 | OK | |||
r-oldrel-macos-x86_64 | 1.0 | 31.00 | OK | |||
r-oldrel-windows-x86_64 | 1.0 | 4.00 | 45.00 | 49.00 | OK |
Version: 1.0
Check: CRAN incoming feasibility
Result: NOTE
Maintainer: ‘Lech Kujawski <lech.kujawski@ug.edu.pl>’
Found the following \keyword or \concept entries
which likely give several index terms:
File ‘PooledMeanGroup-package.Rd’:
\keyword{package, PMG, pooled mean group, dynamic [TRUNCATED]
Flavors: r-devel-linux-x86_64-debian-clang, r-devel-linux-x86_64-debian-gcc
Version: 1.0
Check: examples
Result: NOTE
Examples with CPU (user + system) or elapsed time > 5s
user system elapsed
optimPMG 8.718 0.078 10.846
Flavor: r-devel-linux-x86_64-debian-clang
Version: 1.0
Check: examples
Result: NOTE
Examples with CPU (user + system) or elapsed time > 5s
user system elapsed
optimPMG 4.984 0.008 6.063
Flavor: r-devel-linux-x86_64-debian-gcc