CRAN Package Check Results for Package PreciseSums

Last updated on 2025-11-16 18:49:40 CET.

Flavor Version Tinstall Tcheck Ttotal Status Flags
r-devel-linux-x86_64-debian-clang 0.7 2.67 20.73 23.40 OK
r-devel-linux-x86_64-debian-gcc 0.7 2.18 17.20 19.38 NOTE
r-devel-linux-x86_64-fedora-clang 0.7 33.77 OK
r-devel-linux-x86_64-fedora-gcc 0.7 32.25 OK
r-devel-windows-x86_64 0.7 10.00 43.00 53.00 OK
r-patched-linux-x86_64 0.7 2.44 19.02 21.46 OK
r-release-linux-x86_64 0.7 2.62 19.50 22.12 OK
r-release-macos-arm64 0.7 2.00 17.00 19.00 OK
r-release-macos-x86_64 0.7 3.00 31.00 34.00 OK
r-release-windows-x86_64 0.7 6.00 42.00 48.00 OK
r-oldrel-macos-arm64 0.7 2.00 19.00 21.00 OK
r-oldrel-macos-x86_64 0.7 5.00 33.00 38.00 OK
r-oldrel-windows-x86_64 0.7 7.00 46.00 53.00 OK

Check Details

Version: 0.7
Check: CRAN incoming feasibility
Result: NOTE Maintainer: ‘Matthew Fidler <matthew.fidler@gmail.com>’ The BugReports field in DESCRIPTION has https://github.com/nlmixr2/PreciseSums/issues/ which should likely be https://github.com/nlmixr2/PreciseSums/issues/issues instead. Flavor: r-devel-linux-x86_64-debian-gcc