Last updated on 2025-04-29 13:51:35 CEST.
Flavor | Version | Tinstall | Tcheck | Ttotal | Status | Flags |
---|---|---|---|---|---|---|
r-devel-linux-x86_64-debian-clang | 2.0 | 6.27 | 43.86 | 50.13 | NOTE | |
r-devel-linux-x86_64-debian-gcc | 2.0 | 3.69 | 28.78 | 32.47 | OK | |
r-devel-linux-x86_64-fedora-clang | 2.0 | 78.57 | OK | |||
r-devel-linux-x86_64-fedora-gcc | 2.0 | 73.19 | OK | |||
r-devel-windows-x86_64 | 2.0 | 6.00 | 56.00 | 62.00 | OK | |
r-patched-linux-x86_64 | 2.0 | 6.20 | 40.63 | 46.83 | OK | |
r-release-linux-x86_64 | 2.0 | 5.86 | 40.56 | 46.42 | OK | |
r-release-macos-arm64 | 2.0 | 22.00 | OK | |||
r-release-macos-x86_64 | 2.0 | 42.00 | OK | |||
r-release-windows-x86_64 | 2.0 | 7.00 | 56.00 | 63.00 | OK | |
r-oldrel-macos-arm64 | 2.0 | 23.00 | OK | |||
r-oldrel-macos-x86_64 | 2.0 | 33.00 | OK | |||
r-oldrel-windows-x86_64 | 2.0 | 6.00 | 56.00 | 62.00 | OK |
Version: 2.0
Check: examples
Result: NOTE
Examples with CPU (user + system) or elapsed time > 5s
user system elapsed
M.MET 6.528 0.004 8.073
Flavor: r-devel-linux-x86_64-debian-clang