Last updated on 2025-04-29 13:51:35 CEST.
Flavor | Version | Tinstall | Tcheck | Ttotal | Status | Flags |
---|---|---|---|---|---|---|
r-devel-linux-x86_64-debian-clang | 1.1.0 | 11.78 | 107.91 | 119.69 | NOTE | |
r-devel-linux-x86_64-debian-gcc | 1.1.0 | 8.39 | 76.56 | 84.95 | NOTE | |
r-devel-linux-x86_64-fedora-clang | 1.1.0 | 200.93 | OK | |||
r-devel-linux-x86_64-fedora-gcc | 1.1.0 | 173.42 | OK | |||
r-devel-windows-x86_64 | 1.1.0 | 12.00 | 100.00 | 112.00 | OK | |
r-patched-linux-x86_64 | 1.1.0 | 11.24 | 102.46 | 113.70 | OK | |
r-release-linux-x86_64 | 1.1.0 | 11.81 | 101.00 | 112.81 | OK | |
r-release-macos-arm64 | 1.1.0 | 52.00 | OK | |||
r-release-macos-x86_64 | 1.1.0 | 113.00 | OK | |||
r-release-windows-x86_64 | 1.1.0 | 12.00 | 101.00 | 113.00 | OK | |
r-oldrel-macos-arm64 | 1.1.0 | 50.00 | OK | |||
r-oldrel-macos-x86_64 | 1.1.0 | 79.00 | OK | |||
r-oldrel-windows-x86_64 | 1.1.0 | 13.00 | 101.00 | 114.00 | OK |
Version: 1.1.0
Check: CRAN incoming feasibility
Result: NOTE
Maintainer: ‘Junhui Li <junhuili@cau.edu.cn>’
No Authors@R field in DESCRIPTION.
Please add one, modifying
Authors@R: person(given = "Junhui",
family = "Li",
role = c("aut", "cre"),
email = "junhuili@cau.edu.cn")
as necessary.
Flavors: r-devel-linux-x86_64-debian-clang, r-devel-linux-x86_64-debian-gcc