Last updated on 2025-10-26 11:50:48 CET.
| Flavor | Version | Tinstall | Tcheck | Ttotal | Status | Flags |
|---|---|---|---|---|---|---|
| r-devel-linux-x86_64-debian-clang | 1.1 | 82.19 | 60.81 | 143.00 | OK | |
| r-devel-linux-x86_64-debian-gcc | 1.1 | 58.62 | 48.16 | 106.78 | OK | |
| r-devel-linux-x86_64-fedora-clang | 1.1 | 130.00 | 65.92 | 195.92 | OK | |
| r-devel-linux-x86_64-fedora-gcc | 1.1 | 182.00 | 55.57 | 237.57 | OK | |
| r-devel-windows-x86_64 | 1.1 | 65.00 | 89.00 | 154.00 | OK | |
| r-patched-linux-x86_64 | 1.1 | 76.44 | 60.66 | 137.10 | OK | |
| r-release-linux-x86_64 | 1.1 | 78.14 | 60.55 | 138.69 | OK | |
| r-release-macos-arm64 | 1.1 | 32.00 | 31.00 | 63.00 | OK | |
| r-release-macos-x86_64 | 1.1 | 68.00 | 52.00 | 120.00 | OK | |
| r-release-windows-x86_64 | 1.1 | 67.00 | 92.00 | 159.00 | OK | |
| r-oldrel-macos-arm64 | 1.1 | 29.00 | 25.00 | 54.00 | NOTE | |
| r-oldrel-macos-x86_64 | 1.1 | 45.00 | 41.00 | 86.00 | NOTE | |
| r-oldrel-windows-x86_64 | 1.1 | 83.00 | 110.00 | 193.00 | OK |
Version: 1.1
Check: installed package size
Result: NOTE
installed size is 20.8Mb
sub-directories of 1Mb or more:
libs 20.6Mb
Flavors: r-oldrel-macos-arm64, r-oldrel-macos-x86_64