Last updated on 2024-07-13 05:49:23 CEST.
Flavor | Version | Tinstall | Tcheck | Ttotal | Status | Flags |
---|---|---|---|---|---|---|
r-devel-linux-x86_64-debian-clang | 2023.01.17 | 16.68 | 159.82 | 176.50 | OK | |
r-devel-linux-x86_64-debian-gcc | 2023.01.17 | 12.00 | 116.62 | 128.62 | OK | |
r-devel-linux-x86_64-fedora-clang | 2023.01.17 | 228.70 | OK | |||
r-devel-linux-x86_64-fedora-gcc | 2023.01.17 | 220.04 | OK | |||
r-devel-windows-x86_64 | 2023.01.17 | 14.00 | 137.00 | 151.00 | NOTE | |
r-patched-linux-x86_64 | 2023.01.17 | 17.65 | 152.51 | 170.16 | OK | |
r-release-linux-x86_64 | 2023.01.17 | 14.81 | 153.22 | 168.03 | OK | |
r-release-macos-arm64 | 2023.01.17 | 54.00 | OK | |||
r-release-macos-x86_64 | 2023.01.17 | 93.00 | OK | |||
r-release-windows-x86_64 | 2023.01.17 | 15.00 | 139.00 | 154.00 | OK | |
r-oldrel-macos-arm64 | 2023.01.17 | 59.00 | OK | |||
r-oldrel-macos-x86_64 | 2023.01.17 | 108.00 | OK | |||
r-oldrel-windows-x86_64 | 2023.01.17 | 18.00 | 168.00 | 186.00 | OK |
Version: 2023.01.17
Check: Rd cross-references
Result: NOTE
Found the following Rd file(s) with Rd \link{} targets missing package
anchors:
followupTable.Rd: anova.coxph
specialFrame.Rd: model.design, strata, strip.terms
stripes.Rd: plot.prodlim
Please provide package anchors for all Rd \link{} targets not in the
package itself and the base packages.
Flavor: r-devel-windows-x86_64