Last updated on 2024-06-27 16:49:12 CEST.
Flavor | Version | Tinstall | Tcheck | Ttotal | Status | Flags |
---|---|---|---|---|---|---|
r-devel-linux-x86_64-debian-clang | 0.1.0 | OK | ||||
r-devel-linux-x86_64-debian-gcc | 0.1.0 | 7.94 | 211.16 | 219.10 | OK | |
r-devel-linux-x86_64-fedora-clang | 0.1.0 | 377.10 | NOTE | |||
r-devel-linux-x86_64-fedora-gcc | 0.1.0 | 370.55 | NOTE | |||
r-devel-windows-x86_64 | 0.1.0 | 11.00 | 220.00 | 231.00 | OK | |
r-patched-linux-x86_64 | 0.1.0 | 16.30 | 284.50 | 300.80 | OK | |
r-release-linux-x86_64 | 0.1.0 | 9.19 | 283.99 | 293.18 | OK | |
r-release-macos-arm64 | 0.1.0 | 96.00 | OK | |||
r-release-macos-x86_64 | 0.1.0 | 173.00 | OK | |||
r-release-windows-x86_64 | 0.1.0 | 11.00 | 223.00 | 234.00 | OK | |
r-oldrel-macos-arm64 | 0.1.0 | 100.00 | OK | |||
r-oldrel-macos-x86_64 | 0.1.0 | 163.00 | OK | |||
r-oldrel-windows-x86_64 | 0.1.0 | 14.00 | 293.00 | 307.00 | OK |
Version: 0.1.0
Check: dependencies in R code
Result: NOTE
Namespace in Imports field not imported from: ‘data.table’
All declared Imports should be used.
Flavors: r-devel-linux-x86_64-fedora-clang, r-devel-linux-x86_64-fedora-gcc