Last updated on 2025-04-29 13:51:36 CEST.
Flavor | Version | Tinstall | Tcheck | Ttotal | Status | Flags |
---|---|---|---|---|---|---|
r-devel-linux-x86_64-debian-clang | 1.0-9 | 12.05 | 53.26 | 65.31 | NOTE | |
r-devel-linux-x86_64-debian-gcc | 1.0-9 | 7.87 | 37.34 | 45.21 | NOTE | |
r-devel-linux-x86_64-fedora-clang | 1.0-9 | 100.75 | OK | |||
r-devel-linux-x86_64-fedora-gcc | 1.0-9 | 96.45 | OK | |||
r-devel-windows-x86_64 | 1.0-9 | 11.00 | 76.00 | 87.00 | OK | |
r-patched-linux-x86_64 | 1.0-9 | 13.57 | 49.75 | 63.32 | OK | |
r-release-linux-x86_64 | 1.0-9 | 12.71 | 50.10 | 62.81 | OK | |
r-release-macos-arm64 | 1.0-9 | 33.00 | OK | |||
r-release-macos-x86_64 | 1.0-9 | 54.00 | OK | |||
r-release-windows-x86_64 | 1.0-9 | 12.00 | 70.00 | 82.00 | OK | |
r-oldrel-macos-arm64 | 1.0-9 | 32.00 | OK | |||
r-oldrel-macos-x86_64 | 1.0-9 | 42.00 | OK | |||
r-oldrel-windows-x86_64 | 1.0-9 | 14.00 | 67.00 | 81.00 | OK |
Version: 1.0-9
Check: CRAN incoming feasibility
Result: NOTE
Maintainer: ‘Peter J. van der Most <p.j.van.der.most@umcg.nl>’
No Authors@R field in DESCRIPTION.
Please add one, modifying
Authors@R: c(person(given = c("Peter", "J."),
family = "van der Most",
role = c("aut", "cre"),
email = "p.j.van.der.most@umcg.nl"),
person(given = c("Ilja", "M."),
family = "Nolte",
role = "aut"))
as necessary.
Package CITATION file contains call(s) to old-style citEntry(). Please
use bibentry() instead.
Flavors: r-devel-linux-x86_64-debian-clang, r-devel-linux-x86_64-debian-gcc