Last updated on 2025-04-29 13:51:36 CEST.
Flavor | Version | Tinstall | Tcheck | Ttotal | Status | Flags |
---|---|---|---|---|---|---|
r-devel-linux-x86_64-debian-clang | 3.0 | 2.01 | 28.31 | 30.32 | NOTE | |
r-devel-linux-x86_64-debian-gcc | 3.0 | 1.60 | 21.11 | 22.71 | NOTE | |
r-devel-linux-x86_64-fedora-clang | 3.0 | 46.88 | OK | |||
r-devel-linux-x86_64-fedora-gcc | 3.0 | 46.71 | OK | |||
r-devel-windows-x86_64 | 3.0 | 3.00 | 46.00 | 49.00 | OK | |
r-patched-linux-x86_64 | 3.0 | 1.88 | 27.63 | 29.51 | OK | |
r-release-linux-x86_64 | 3.0 | 1.87 | 27.19 | 29.06 | OK | |
r-release-macos-arm64 | 3.0 | 24.00 | OK | |||
r-release-macos-x86_64 | 3.0 | 31.00 | OK | |||
r-release-windows-x86_64 | 3.0 | 5.00 | 47.00 | 52.00 | OK | |
r-oldrel-macos-arm64 | 3.0 | 19.00 | OK | |||
r-oldrel-macos-x86_64 | 3.0 | 27.00 | OK | |||
r-oldrel-windows-x86_64 | 3.0 | 3.00 | 46.00 | 49.00 | OK |
Version: 3.0
Check: CRAN incoming feasibility
Result: NOTE
Maintainer: ‘David Jungreis <dbjungreis@gmail.com>’
No Authors@R field in DESCRIPTION.
Please add one, modifying
Authors@R: c(person(given = "David",
family = "Jungreis",
role = c("aut", "cre"),
email = "dbjungreis@gmail.com"),
person(given = "Subhadeep",
family = "Mukhopadhyay",
role = "aut"))
as necessary.
Flavors: r-devel-linux-x86_64-debian-clang, r-devel-linux-x86_64-debian-gcc
Version: 3.0
Check: examples
Result: NOTE
Examples with CPU (user + system) or elapsed time > 5s
user system elapsed
LP.QDC 4 0.043 5.062
Flavor: r-devel-linux-x86_64-debian-clang