Last updated on 2025-04-29 13:51:36 CEST.
Flavor | Version | Tinstall | Tcheck | Ttotal | Status | Flags |
---|---|---|---|---|---|---|
r-devel-linux-x86_64-debian-clang | 0.1.0 | 1.98 | 24.61 | 26.59 | NOTE | |
r-devel-linux-x86_64-debian-gcc | 0.1.0 | 1.69 | 18.98 | 20.67 | NOTE | |
r-devel-linux-x86_64-fedora-clang | 0.1.0 | 41.10 | OK | |||
r-devel-linux-x86_64-fedora-gcc | 0.1.0 | 41.41 | OK | |||
r-devel-windows-x86_64 | 0.1.0 | 4.00 | 42.00 | 46.00 | OK | |
r-patched-linux-x86_64 | 0.1.0 | 2.22 | 23.57 | 25.79 | OK | |
r-release-linux-x86_64 | 0.1.0 | 2.14 | 23.40 | 25.54 | OK | |
r-release-macos-arm64 | 0.1.0 | 21.00 | OK | |||
r-release-macos-x86_64 | 0.1.0 | 30.00 | OK | |||
r-release-windows-x86_64 | 0.1.0 | 4.00 | 42.00 | 46.00 | OK | |
r-oldrel-macos-arm64 | 0.1.0 | 19.00 | NOTE | |||
r-oldrel-macos-x86_64 | 0.1.0 | 29.00 | NOTE | |||
r-oldrel-windows-x86_64 | 0.1.0 | 3.00 | 40.00 | 43.00 | NOTE |
Version: 0.1.0
Check: CRAN incoming feasibility
Result: NOTE
Maintainer: ‘ManHsia Yang <ymh@tari.gov.tw>’
No Authors@R field in DESCRIPTION.
Please add one, modifying
Authors@R: person(given = "ManHsia",
family = "Yang",
role = c("aut", "cre"),
email = "ymh@tari.gov.tw")
as necessary.
Flavors: r-devel-linux-x86_64-debian-clang, r-devel-linux-x86_64-debian-gcc
Version: 0.1.0
Check: examples
Result: NOTE
Examples with CPU (user + system) or elapsed time > 5s
user system elapsed
QHOT 6.779 0.082 7.996
Flavor: r-devel-linux-x86_64-debian-clang
Version: 0.1.0
Check: examples
Result: NOTE
Examples with CPU (user + system) or elapsed time > 5s
user system elapsed
QHOT 4.258 0.073 5.346
Flavor: r-devel-linux-x86_64-debian-gcc
Version: 0.1.0
Check: LazyData
Result: NOTE
'LazyData' is specified without a 'data' directory
Flavors: r-oldrel-macos-arm64, r-oldrel-macos-x86_64, r-oldrel-windows-x86_64