Last updated on 2025-11-16 06:49:50 CET.
| Flavor | Version | Tinstall | Tcheck | Ttotal | Status | Flags |
|---|---|---|---|---|---|---|
| r-devel-linux-x86_64-debian-clang | 0.8-9 | 4.38 | 37.26 | 41.64 | OK | |
| r-devel-linux-x86_64-debian-gcc | 0.8-9 | 3.20 | 28.47 | 31.67 | NOTE | |
| r-devel-linux-x86_64-fedora-clang | 0.8-9 | 10.00 | 54.90 | 64.90 | OK | |
| r-devel-linux-x86_64-fedora-gcc | 0.8-9 | 10.00 | 48.74 | 58.74 | OK | |
| r-devel-windows-x86_64 | 0.8-9 | 7.00 | 55.00 | 62.00 | OK | |
| r-patched-linux-x86_64 | 0.8-9 | 4.33 | 35.64 | 39.97 | OK | |
| r-release-linux-x86_64 | 0.8-9 | 4.33 | 35.47 | 39.80 | OK | |
| r-release-macos-arm64 | 0.8-9 | 3.00 | 25.00 | 28.00 | OK | |
| r-release-macos-x86_64 | 0.8-9 | 4.00 | 45.00 | 49.00 | OK | |
| r-release-windows-x86_64 | 0.8-9 | 6.00 | 53.00 | 59.00 | OK | |
| r-oldrel-macos-arm64 | 0.8-9 | 2.00 | 21.00 | 23.00 | OK | |
| r-oldrel-macos-x86_64 | 0.8-9 | 3.00 | 54.00 | 57.00 | OK | |
| r-oldrel-windows-x86_64 | 0.8-9 | 7.00 | 66.00 | 73.00 | OK |
Version: 0.8-9
Check: CRAN incoming feasibility
Result: NOTE
Maintainer: ‘Yu-Sung Su <suyusung@tsinghua.edu.cn>’
The BugReports field in DESCRIPTION has
https://github.com/suyusung/R2jags/issues/
which should likely be
https://github.com/suyusung/R2jags/issues/issues
instead.
Flavor: r-devel-linux-x86_64-debian-gcc