Last updated on 2025-10-21 17:49:59 CEST.
Flavor | Version | Tinstall | Tcheck | Ttotal | Status | Flags |
---|---|---|---|---|---|---|
r-devel-linux-x86_64-debian-clang | 0.1.4 | 5.61 | 48.99 | 54.60 | OK | |
r-devel-linux-x86_64-debian-gcc | 0.1.4 | 4.13 | 37.61 | 41.74 | OK | |
r-devel-linux-x86_64-fedora-clang | 0.1.4 | 19.00 | 68.05 | 87.05 | OK | |
r-devel-linux-x86_64-fedora-gcc | 0.1.4 | 12.00 | 80.32 | 92.32 | OK | |
r-devel-windows-x86_64 | 0.1.4 | 8.00 | 68.00 | 76.00 | OK | |
r-patched-linux-x86_64 | 0.1.4 | 5.80 | 45.03 | 50.83 | OK | |
r-release-linux-x86_64 | 0.1.4 | 3.93 | 44.78 | 48.71 | OK | |
r-release-macos-arm64 | 0.1.4 | 3.00 | 33.00 | 36.00 | OK | |
r-release-macos-x86_64 | 0.1.4 | 8.00 | 61.00 | 69.00 | OK | |
r-release-windows-x86_64 | 0.1.4 | 9.00 | 65.00 | 74.00 | OK | |
r-oldrel-macos-arm64 | 0.1.4 | 3.00 | 34.00 | 37.00 | NOTE | |
r-oldrel-macos-x86_64 | 0.1.4 | 4.00 | 62.00 | 66.00 | NOTE | |
r-oldrel-windows-x86_64 | 0.1.4 | 10.00 | 79.00 | 89.00 | NOTE |
Version: 0.1.4
Check: LazyData
Result: NOTE
'LazyData' is specified without a 'data' directory
Flavors: r-oldrel-macos-arm64, r-oldrel-macos-x86_64, r-oldrel-windows-x86_64