Last updated on 2025-11-16 18:49:41 CET.
| Flavor | Version | Tinstall | Tcheck | Ttotal | Status | Flags |
|---|---|---|---|---|---|---|
| r-devel-linux-x86_64-debian-clang | 1.98-1.17 | 20.62 | 48.17 | 68.79 | OK | |
| r-devel-linux-x86_64-debian-gcc | 1.98-1.17 | 15.58 | 35.43 | 51.01 | OK | |
| r-devel-linux-x86_64-fedora-clang | 1.98-1.17 | 88.00 | 13.56 | 101.56 | OK | |
| r-devel-linux-x86_64-fedora-gcc | 1.98-1.17 | 50.00 | 45.86 | 95.86 | OK | |
| r-devel-windows-x86_64 | 1.98-1.17 | 38.00 | 185.00 | 223.00 | OK | |
| r-patched-linux-x86_64 | 1.98-1.17 | 19.63 | 46.04 | 65.67 | OK | |
| r-release-linux-x86_64 | 1.98-1.17 | 17.08 | 46.17 | 63.25 | OK | |
| r-release-macos-arm64 | 1.98-1.17 | 25.00 | 135.00 | 160.00 | OK | |
| r-release-macos-x86_64 | 1.98-1.17 | 35.00 | 152.00 | 187.00 | OK | |
| r-release-windows-x86_64 | 1.98-1.17 | 40.00 | 183.00 | 223.00 | OK | |
| r-oldrel-macos-arm64 | 1.98-1.17 | 17.00 | 172.00 | 189.00 | NOTE | |
| r-oldrel-macos-x86_64 | 1.98-1.17 | 39.00 | 188.00 | 227.00 | NOTE | |
| r-oldrel-windows-x86_64 | 1.98-1.17 | 45.00 | 199.00 | 244.00 | NOTE |
Version: 1.98-1.17
Check: for GNU extensions in Makefiles
Result: NOTE
GNU make is a SystemRequirements.
Flavors: r-oldrel-macos-arm64, r-oldrel-macos-x86_64, r-oldrel-windows-x86_64
Version: 1.98-1.17
Check: installed package size
Result: NOTE
installed size is 11.5Mb
sub-directories of 1Mb or more:
libs 9.6Mb
Flavor: r-oldrel-windows-x86_64