Last updated on 2025-11-16 06:49:51 CET.
| Flavor | Version | Tinstall | Tcheck | Ttotal | Status | Flags |
|---|---|---|---|---|---|---|
| r-devel-linux-x86_64-debian-clang | 0.9-10 | 26.75 | 195.20 | 221.95 | NOTE | |
| r-devel-linux-x86_64-debian-gcc | 0.9-10 | 20.41 | 134.02 | 154.43 | OK | |
| r-devel-linux-x86_64-fedora-clang | 0.9-10 | 133.00 | 239.89 | 372.89 | OK | |
| r-devel-linux-x86_64-fedora-gcc | 0.9-10 | 121.00 | 232.86 | 353.86 | OK | |
| r-devel-windows-x86_64 | 0.9-10 | 33.00 | 189.00 | 222.00 | NOTE | |
| r-patched-linux-x86_64 | 0.9-10 | 25.56 | 182.89 | 208.45 | OK | |
| r-release-linux-x86_64 | 0.9-10 | 25.15 | 182.81 | 207.96 | OK | |
| r-release-macos-arm64 | 0.9-10 | 10.00 | 59.00 | 69.00 | OK | |
| r-release-macos-x86_64 | 0.9-10 | 20.00 | 118.00 | 138.00 | OK | |
| r-release-windows-x86_64 | 0.9-10 | 32.00 | 189.00 | 221.00 | OK | |
| r-oldrel-macos-arm64 | 0.9-10 | 13.00 | 70.00 | 83.00 | OK | |
| r-oldrel-macos-x86_64 | 0.9-10 | 32.00 | 209.00 | 241.00 | OK | |
| r-oldrel-windows-x86_64 | 0.9-10 | 44.00 | 256.00 | 300.00 | OK |
Version: 0.9-10
Check: Rd files
Result: NOTE
checkRd: (-1) fauxmadrona.Rd:42-47: Only 8 columns allowed in this table (row 1 has 7)
checkRd: (-1) fauxmadrona.Rd:42-47: Only 8 columns allowed in this table (row 2 has 7)
checkRd: (-1) fauxmadrona.Rd:42-47: Only 8 columns allowed in this table (row 3 has 7)
Flavors: r-devel-linux-x86_64-debian-clang, r-devel-windows-x86_64