Last updated on 2025-04-29 13:51:37 CEST.
Flavor | Version | Tinstall | Tcheck | Ttotal | Status | Flags |
---|---|---|---|---|---|---|
r-devel-linux-x86_64-debian-clang | 1.0 | 1.85 | 22.90 | 24.75 | NOTE | |
r-devel-linux-x86_64-debian-gcc | 1.0 | 1.58 | 17.66 | 19.24 | NOTE | |
r-devel-linux-x86_64-fedora-clang | 1.0 | 38.90 | NOTE | |||
r-devel-linux-x86_64-fedora-gcc | 1.0 | 35.54 | NOTE | |||
r-devel-windows-x86_64 | 1.0 | 3.00 | 42.00 | 45.00 | NOTE | |
r-patched-linux-x86_64 | 1.0 | 1.81 | 21.68 | 23.49 | NOTE | |
r-release-linux-x86_64 | 1.0 | 1.95 | 22.38 | 24.33 | NOTE | |
r-release-macos-arm64 | 1.0 | 15.00 | NOTE | |||
r-release-macos-x86_64 | 1.0 | 30.00 | NOTE | |||
r-release-windows-x86_64 | 1.0 | 3.00 | 42.00 | 45.00 | NOTE | |
r-oldrel-macos-arm64 | 1.0 | 15.00 | NOTE | |||
r-oldrel-macos-x86_64 | 1.0 | 25.00 | NOTE | |||
r-oldrel-windows-x86_64 | 1.0 | 2.00 | 42.00 | 44.00 | NOTE |
Version: 1.0
Check: CRAN incoming feasibility
Result: NOTE
Maintainer: ‘John Ruscio <ruscio@tcnj.edu>’
No Authors@R field in DESCRIPTION.
Please add one, modifying
Authors@R: person(given = "John",
family = "Ruscio",
role = c("aut", "cre"),
email = "ruscio@tcnj.edu")
as necessary.
Flavors: r-devel-linux-x86_64-debian-clang, r-devel-linux-x86_64-debian-gcc
Version: 1.0
Check: Rd files
Result: NOTE
checkRd: (-1) GenDataPopulation.Rd:21: Lost braces
21 | {data}{Population of data}
| ^
checkRd: (-1) GenDataSample.Rd:23: Lost braces
23 | {data}{Sample of data}
| ^
Flavors: r-devel-linux-x86_64-debian-clang, r-devel-linux-x86_64-debian-gcc, r-devel-linux-x86_64-fedora-clang, r-devel-linux-x86_64-fedora-gcc, r-devel-windows-x86_64, r-patched-linux-x86_64, r-release-linux-x86_64, r-release-macos-arm64, r-release-macos-x86_64, r-release-windows-x86_64, r-oldrel-macos-arm64, r-oldrel-macos-x86_64, r-oldrel-windows-x86_64
Version: 1.0
Check: examples
Result: NOTE
Examples with CPU (user + system) or elapsed time > 5s
user system elapsed
EFACompData 3.719 0.182 5.129
Flavor: r-devel-linux-x86_64-debian-clang
Version: 1.0
Check: LazyData
Result: NOTE
'LazyData' is specified without a 'data' directory
Flavors: r-oldrel-macos-arm64, r-oldrel-macos-x86_64, r-oldrel-windows-x86_64