CRAN Package Check Results for Package RImagePalette

Last updated on 2025-04-29 13:51:38 CEST.

Flavor Version Tinstall Tcheck Ttotal Status Flags
r-devel-linux-x86_64-debian-clang 0.1.1 4.67 44.18 48.85 NOTE
r-devel-linux-x86_64-debian-gcc 0.1.1 3.26 31.23 34.49 NOTE
r-devel-linux-x86_64-fedora-clang 0.1.1 65.08 OK
r-devel-linux-x86_64-fedora-gcc 0.1.1 61.46 OK
r-devel-windows-x86_64 0.1.1 6.00 57.00 63.00 OK
r-patched-linux-x86_64 0.1.1 4.12 40.00 44.12 OK
r-release-linux-x86_64 0.1.1 4.23 39.94 44.17 OK
r-release-macos-arm64 0.1.1 23.00 OK
r-release-macos-x86_64 0.1.1 39.00 OK
r-release-windows-x86_64 0.1.1 7.00 58.00 65.00 OK
r-oldrel-macos-arm64 0.1.1 24.00 NOTE
r-oldrel-macos-x86_64 0.1.1 41.00 NOTE
r-oldrel-windows-x86_64 0.1.1 8.00 68.00 76.00 NOTE

Check Details

Version: 0.1.1
Check: CRAN incoming feasibility
Result: NOTE Maintainer: ‘Joel Carlson <jnkcarlson@gmail.com>’ No Authors@R field in DESCRIPTION. Please add one, modifying Authors@R: person(given = "Joel", family = "Carlson", role = c("aut", "cre"), email = "jnkcarlson@gmail.com") as necessary. Flavors: r-devel-linux-x86_64-debian-clang, r-devel-linux-x86_64-debian-gcc

Version: 0.1.1
Check: LazyData
Result: NOTE 'LazyData' is specified without a 'data' directory Flavors: r-oldrel-macos-arm64, r-oldrel-macos-x86_64, r-oldrel-windows-x86_64